CRAN Package Check Results for Package dtwclust

Last updated on 2018-02-18 01:46:26 CET.

Flavor Version Tinstall Tcheck Ttotal Status Flags
r-devel-linux-x86_64-debian-clang 5.2.0 290.74 335.52 626.26 NOTE
r-devel-linux-x86_64-debian-gcc 5.2.0 254.70 251.37 506.07 NOTE
r-devel-linux-x86_64-fedora-clang 5.2.0 842.81 NOTE
r-devel-linux-x86_64-fedora-gcc 5.2.0 833.76 NOTE
r-devel-windows-ix86+x86_64 5.2.0 624.00 385.00 1009.00 NOTE
r-patched-linux-x86_64 5.2.0 301.47 359.36 660.83 NOTE
r-patched-solaris-x86 5.2.0 262.50 ERROR
r-release-linux-x86_64 5.2.0 311.90 366.32 678.22 NOTE
r-release-windows-ix86+x86_64 5.2.0 859.00 536.00 1395.00 NOTE
r-release-osx-x86_64 5.2.0 NOTE
r-oldrel-windows-ix86+x86_64 5.2.0 651.00 439.00 1090.00 NOTE
r-oldrel-osx-x86_64 5.1.0 NOTE

Additional issues

clang-UBSAN gcc-UBSAN

Check Details

Version: 5.2.0
Check: for GNU extensions in Makefiles
Result: NOTE
    GNU make is a SystemRequirements.
Flavors: r-devel-linux-x86_64-debian-clang, r-devel-linux-x86_64-debian-gcc, r-devel-linux-x86_64-fedora-clang, r-devel-linux-x86_64-fedora-gcc, r-devel-windows-ix86+x86_64, r-patched-linux-x86_64, r-release-linux-x86_64, r-release-windows-ix86+x86_64, r-release-osx-x86_64, r-oldrel-windows-ix86+x86_64

Version: 5.2.0
Check: installed package size
Result: NOTE
     installed size is 11.0Mb
     sub-directories of 1Mb or more:
     doc 2.5Mb
     libs 7.4Mb
Flavors: r-devel-linux-x86_64-fedora-clang, r-devel-linux-x86_64-fedora-gcc, r-devel-windows-ix86+x86_64, r-release-windows-ix86+x86_64, r-release-osx-x86_64, r-oldrel-windows-ix86+x86_64

Version: 5.2.0
Check: whether package can be installed
Result: ERROR
    Installation failed.
Flavor: r-patched-solaris-x86

Version: 5.1.0
Check: installed package size
Result: NOTE
     installed size is 6.2Mb
     sub-directories of 1Mb or more:
     doc 1.9Mb
     libs 3.6Mb
Flavor: r-oldrel-osx-x86_64