CRAN Package Check Results for Package dtwclust

Last updated on 2018-05-27 06:46:47 CEST.

Flavor Version Tinstall Tcheck Ttotal Status Flags
r-devel-linux-x86_64-debian-clang 5.4.0 119.06 347.82 466.88 NOTE
r-devel-linux-x86_64-debian-gcc 5.4.0 107.74 263.57 371.31 NOTE
r-devel-linux-x86_64-fedora-clang 5.4.0 634.83 NOTE
r-devel-linux-x86_64-fedora-gcc 5.4.0 607.44 NOTE
r-devel-windows-ix86+x86_64 5.4.0 278.00 387.00 665.00 NOTE
r-patched-linux-x86_64 5.4.0 132.26 329.79 462.05 NOTE
r-patched-solaris-x86 5.4.0 743.80 NOTE
r-release-linux-x86_64 5.4.0 125.99 322.38 448.37 NOTE
r-release-windows-ix86+x86_64 5.4.0 377.00 499.00 876.00 NOTE
r-release-osx-x86_64 5.4.0 NOTE
r-oldrel-windows-ix86+x86_64 5.4.0 382.00 490.00 872.00 NOTE
r-oldrel-osx-x86_64 5.3.1 NOTE

Additional issues

clang-UBSAN gcc-UBSAN

Check Details

Version: 5.4.0
Check: for GNU extensions in Makefiles
Result: NOTE
    GNU make is a SystemRequirements.
Flavors: r-devel-linux-x86_64-debian-clang, r-devel-linux-x86_64-debian-gcc, r-devel-linux-x86_64-fedora-clang, r-devel-linux-x86_64-fedora-gcc, r-devel-windows-ix86+x86_64, r-patched-linux-x86_64, r-patched-solaris-x86, r-release-linux-x86_64, r-release-windows-ix86+x86_64, r-release-osx-x86_64, r-oldrel-windows-ix86+x86_64

Version: 5.4.0
Check: installed package size
Result: NOTE
     installed size is 8.8Mb
     sub-directories of 1Mb or more:
     doc 2.4Mb
     libs 5.1Mb
Flavors: r-devel-linux-x86_64-fedora-clang, r-devel-linux-x86_64-fedora-gcc, r-devel-windows-ix86+x86_64, r-release-windows-ix86+x86_64, r-release-osx-x86_64, r-oldrel-windows-ix86+x86_64

Version: 5.3.1
Check: installed package size
Result: NOTE
     installed size is 7.4Mb
     sub-directories of 1Mb or more:
     doc 2.4Mb
     libs 4.0Mb
Flavor: r-oldrel-osx-x86_64

Version: 5.3.1
Check: for GNU extensions in Makefiles
Result: NOTE
    GNU make is a SystemRequirements.
Flavor: r-oldrel-osx-x86_64