CRAN Package Check Results for Package dtwclust

Last updated on 2018-11-18 10:49:56 CET.

Flavor Version Tinstall Tcheck Ttotal Status Flags
r-devel-linux-x86_64-debian-clang 5.5.1 123.97 381.22 505.19 NOTE
r-devel-linux-x86_64-debian-gcc 5.5.1 112.84 289.92 402.76 NOTE
r-devel-linux-x86_64-fedora-clang 5.5.1 646.78 NOTE
r-devel-linux-x86_64-fedora-gcc 5.5.1 625.31 NOTE
r-devel-windows-ix86+x86_64 5.5.1 366.00 418.00 784.00 NOTE
r-patched-linux-x86_64 5.5.1 135.07 365.59 500.66 NOTE
r-patched-solaris-x86 5.5.1 842.30 NOTE
r-release-linux-x86_64 5.5.1 135.16 363.69 498.85 NOTE
r-release-windows-ix86+x86_64 5.5.1 409.00 508.00 917.00 NOTE
r-release-osx-x86_64 5.5.1 NOTE
r-oldrel-windows-ix86+x86_64 5.5.1 290.00 516.00 806.00 NOTE
r-oldrel-osx-x86_64 5.5.1 NOTE

Additional issues

clang-UBSAN gcc-UBSAN

Check Details

Version: 5.5.1
Check: for GNU extensions in Makefiles
Result: NOTE
    GNU make is a SystemRequirements.
Flavors: r-devel-linux-x86_64-debian-clang, r-devel-linux-x86_64-debian-gcc, r-devel-linux-x86_64-fedora-clang, r-devel-linux-x86_64-fedora-gcc, r-devel-windows-ix86+x86_64, r-patched-linux-x86_64, r-patched-solaris-x86, r-release-linux-x86_64, r-release-windows-ix86+x86_64, r-release-osx-x86_64, r-oldrel-windows-ix86+x86_64, r-oldrel-osx-x86_64

Version: 5.5.1
Check: installed package size
Result: NOTE
     installed size is 9.0Mb
     sub-directories of 1Mb or more:
     doc 2.5Mb
     libs 5.3Mb
Flavors: r-devel-linux-x86_64-fedora-clang, r-devel-windows-ix86+x86_64, r-release-windows-ix86+x86_64, r-release-osx-x86_64, r-oldrel-windows-ix86+x86_64, r-oldrel-osx-x86_64