CRAN Package Check Results for Package dpmixsim

Last updated on 2018-06-18 21:47:35 CEST.

Flavor Version Tinstall Tcheck Ttotal Status Flags
r-devel-linux-x86_64-debian-clang 0.0-8 6.40 34.38 40.78 WARN
r-devel-linux-x86_64-debian-gcc 0.0-8 5.38 30.65 36.03 NOTE
r-devel-linux-x86_64-fedora-clang 0.0-8 53.42 NOTE
r-devel-linux-x86_64-fedora-gcc 0.0-8 48.12 NOTE
r-devel-windows-ix86+x86_64 0.0-8 16.00 68.00 84.00 NOTE
r-patched-linux-x86_64 0.0-8 5.44 32.34 37.78 NOTE
r-patched-solaris-x86 0.0-8 64.90 NOTE
r-release-linux-x86_64 0.0-8 4.81 32.74 37.55 NOTE
r-release-windows-ix86+x86_64 0.0-8 14.00 79.00 93.00 NOTE
r-release-osx-x86_64 0.0-8 WARN
r-oldrel-windows-ix86+x86_64 0.0-8 14.00 76.00 90.00 NOTE
r-oldrel-osx-x86_64 0.0-8 NOTE

Check Details

Version: 0.0-8
Check: whether package can be installed
Result: WARN
    Found the following significant warnings:
     gibbsclustersamplealpha.cc:95:8: warning: 'register' storage class specifier is deprecated and incompatible with C++17 [-Wdeprecated-register]
     gibbsclustersamplealpha.cc:140:9: warning: 'register' storage class specifier is deprecated and incompatible with C++17 [-Wdeprecated-register]
Flavors: r-devel-linux-x86_64-debian-clang, r-release-osx-x86_64

Version: 0.0-8
Check: dependencies in R code
Result: NOTE
    Packages in Depends field not imported from:
     ‘cluster’ ‘oro.nifti’
     These packages need to be imported from (in the NAMESPACE file)
     for when this namespace is loaded but not attached.
Flavors: r-devel-linux-x86_64-debian-clang, r-devel-linux-x86_64-debian-gcc, r-devel-linux-x86_64-fedora-clang, r-devel-linux-x86_64-fedora-gcc, r-devel-windows-ix86+x86_64, r-patched-linux-x86_64, r-patched-solaris-x86, r-release-linux-x86_64, r-release-windows-ix86+x86_64, r-release-osx-x86_64, r-oldrel-windows-ix86+x86_64, r-oldrel-osx-x86_64

Version: 0.0-8
Check: R code for possible problems
Result: NOTE
    dpmixsim: no visible global function definition for ‘runif’
    dpmixsim: no visible global function definition for ‘clara’
    postdpmixciz: no visible global function definition for ‘par’
    postdpmixciz: no visible global function definition for ‘barplot’
    postdpmixciz: no visible global function definition for ‘dnorm’
    postdpmixciz: no visible global function definition for ‘hist’
    postdpmixciz: no visible global function definition for ‘lines’
    postdpmixciz: no visible global function definition for ‘axis’
    postdpmixciz: no visible global function definition for ‘dev.cur’
    postdpmixciz: no visible global function definition for ‘points’
    postdpmixciz: no visible global function definition for ‘dev.set’
    postimgclgrp: no visible global function definition for ‘par’
    postimgclgrp: no visible global function definition for ‘image’
    postimgclgrp: no visible global function definition for ‘gray’
    postimgcomps: no visible global function definition for ‘par’
    postimgcomps: no visible global function definition for ‘image’
    postimgcomps: no visible global function definition for ‘gray’
    postkcluster: no visible global function definition for ‘clara’
    postkcluster: no visible global function definition for ‘par’
    postkcluster: no visible global function definition for ‘image’
    postkcluster: no visible global function definition for ‘gray’
    readsliceimg: no visible global function definition for ‘readNIfTI’
    Undefined global functions or variables:
     axis barplot clara dev.cur dev.set dnorm gray hist image lines par
     points readNIfTI runif
    Consider adding
     importFrom("grDevices", "dev.cur", "dev.set", "gray")
     importFrom("graphics", "axis", "barplot", "hist", "image", "lines",
     "par", "points")
     importFrom("stats", "dnorm", "runif")
    to your NAMESPACE file.
Flavors: r-devel-linux-x86_64-debian-clang, r-devel-linux-x86_64-debian-gcc, r-devel-linux-x86_64-fedora-clang, r-devel-linux-x86_64-fedora-gcc, r-devel-windows-ix86+x86_64, r-patched-linux-x86_64, r-patched-solaris-x86, r-release-linux-x86_64, r-release-windows-ix86+x86_64, r-release-osx-x86_64, r-oldrel-windows-ix86+x86_64, r-oldrel-osx-x86_64

Version: 0.0-8
Check: compiled code
Result: NOTE
    File ‘dpmixsim/libs/dpmixsim.so’:
     Found no calls to: ‘R_registerRoutines’, ‘R_useDynamicSymbols’
    
    It is good practice to register native routines and to disable symbol
    search.
    
    See ‘Writing portable packages’ in the ‘Writing R Extensions’ manual.
Flavors: r-devel-linux-x86_64-debian-clang, r-devel-linux-x86_64-debian-gcc, r-devel-linux-x86_64-fedora-clang, r-devel-linux-x86_64-fedora-gcc, r-patched-linux-x86_64, r-release-linux-x86_64