CRAN Package Check Results for Package dlsem

Last updated on 2019-09-19 10:47:50 CEST.

Flavor Version Tinstall Tcheck Ttotal Status Flags
r-devel-linux-x86_64-debian-clang 2.4.3 8.20 100.06 108.26 OK
r-devel-linux-x86_64-debian-gcc 2.4.3 7.22 78.02 85.24 OK
r-devel-linux-x86_64-fedora-clang 2.4.3 128.05 OK
r-devel-linux-x86_64-fedora-gcc 2.4.3 125.28 OK
r-devel-windows-ix86+x86_64 2.4.3 20.00 152.00 172.00 OK
r-patched-linux-x86_64 2.4.3 7.61 97.25 104.86 OK
r-patched-solaris-x86 2.4.3 167.30 OK
r-release-linux-x86_64 2.4.3 7.34 98.74 106.08 OK
r-release-windows-ix86+x86_64 2.4.3 18.00 145.00 163.00 OK
r-release-osx-x86_64 2.4.3 ERROR
r-oldrel-windows-ix86+x86_64 2.4.3 13.00 167.00 180.00 OK
r-oldrel-osx-x86_64 2.4.3 OK

Check Details

Version: 2.4.3
Check: package dependencies
Result: ERROR
    Packages required but not available: 'graph', 'Rgraphviz'
    
    See section ‘The DESCRIPTION file’ in the ‘Writing R Extensions’
    manual.
Flavor: r-release-osx-x86_64