CRAN Package Check Results for Package disclapmix

Last updated on 2018-02-20 00:47:01 CET.

Flavor Version Tinstall Tcheck Ttotal Status Flags
r-devel-linux-x86_64-debian-clang 1.6.2 36.22 33.08 69.30 NOTE
r-devel-linux-x86_64-debian-gcc 1.6.2 26.55 28.97 55.52 NOTE
r-devel-linux-x86_64-fedora-clang 1.6.2 98.17 NOTE
r-devel-linux-x86_64-fedora-gcc 1.6.2 88.72 NOTE
r-devel-windows-ix86+x86_64 1.6.2 72.00 76.00 148.00 OK
r-patched-linux-x86_64 1.6.2 29.04 40.60 69.64 NOTE
r-patched-solaris-x86 1.6.2 108.30 OK
r-release-linux-x86_64 1.6.2 36.25 39.96 76.21 NOTE
r-release-windows-ix86+x86_64 1.6.2 97.00 97.00 194.00 OK
r-release-osx-x86_64 1.6.2 OK
r-oldrel-windows-ix86+x86_64 1.6.2 105.00 77.00 182.00 OK
r-oldrel-osx-x86_64 1.6.2 OK

Check Details

Version: 1.6.2
Check: compiled code
Result: NOTE
    File ‘disclapmix/libs/disclapmix.so’:
     Found no calls to: ‘R_registerRoutines’, ‘R_useDynamicSymbols’
    
    It is good practice to register native routines and to disable symbol
    search.
    
    See ‘Writing portable packages’ in the ‘Writing R Extensions’ manual.
Flavors: r-devel-linux-x86_64-debian-clang, r-devel-linux-x86_64-debian-gcc, r-devel-linux-x86_64-fedora-clang, r-devel-linux-x86_64-fedora-gcc, r-patched-linux-x86_64, r-release-linux-x86_64