CRAN Package Check Results for Package disclapmix

Last updated on 2017-12-12 10:52:28 CET.

Flavor Version Tinstall Tcheck Ttotal Status Flags
r-devel-linux-x86_64-debian-clang 1.6.2 30.72 38.89 69.61 NOTE
r-devel-linux-x86_64-debian-gcc 1.6.2 25.55 30.40 55.95 NOTE
r-devel-linux-x86_64-fedora-clang 1.6.2 91.44 NOTE
r-devel-linux-x86_64-fedora-gcc 1.6.2 86.81 NOTE
r-devel-windows-ix86+x86_64 1.6.2 101.00 79.00 180.00 OK
r-patched-linux-x86_64 1.6.2 31.33 39.85 71.18 NOTE
r-patched-solaris-x86 1.6.2 105.20 OK
r-release-linux-x86_64 1.6.2 30.93 43.74 74.67 NOTE
r-release-windows-ix86+x86_64 1.6.2 71.00 78.00 149.00 OK
r-release-osx-x86_64 1.6.2 OK
r-oldrel-windows-ix86+x86_64 1.6.2 98.00 100.00 198.00 OK
r-oldrel-osx-x86_64 1.6.2 OK

Check Details

Version: 1.6.2
Check: compiled code
Result: NOTE
    File ‘disclapmix/libs/disclapmix.so’:
     Found no calls to: ‘R_registerRoutines’, ‘R_useDynamicSymbols’
    
    It is good practice to register native routines and to disable symbol
    search.
    
    See ‘Writing portable packages’ in the ‘Writing R Extensions’ manual.
Flavors: r-devel-linux-x86_64-debian-clang, r-devel-linux-x86_64-debian-gcc, r-devel-linux-x86_64-fedora-clang, r-devel-linux-x86_64-fedora-gcc, r-patched-linux-x86_64, r-release-linux-x86_64