CRAN Package Check Results for Package diceR

Last updated on 2017-12-13 09:48:32 CET.

Flavor Version Tinstall Tcheck Ttotal Status Flags
r-devel-linux-x86_64-debian-clang 0.3.0 19.48 293.29 312.77 OK
r-devel-linux-x86_64-debian-gcc 0.3.1 12.85 198.97 211.82 OK
r-devel-linux-x86_64-fedora-clang 0.3.1 228.27 OK
r-devel-linux-x86_64-fedora-gcc 0.3.1 184.21 OK
r-devel-windows-ix86+x86_64 0.3.0 62.00 590.00 652.00 OK
r-patched-linux-x86_64 0.3.0 17.35 247.79 265.14 OK
r-patched-solaris-x86 0.3.0 425.90 ERROR
r-release-linux-x86_64 0.3.0 18.18 251.96 270.14 OK
r-release-windows-ix86+x86_64 0.3.0 51.00 451.00 502.00 OK
r-release-osx-x86_64 0.3.0 OK
r-oldrel-windows-ix86+x86_64 0.3.0 48.00 540.00 588.00 OK
r-oldrel-osx-x86_64 0.3.0 OK

Check Details

Version: 0.3.0
Check: tests
Result: ERROR
     Running ‘testthat.R’ [275s/346s]
    Running the tests in ‘tests/testthat.R’ failed.
    Complete output:
     > library(testthat)
     > library(diceR)
     >
     > test_check("diceR")
    
     Attaching package: 'dplyr'
    
     The following object is masked from 'package:testthat':
    
     matches
    
     The following objects are masked from 'package:stats':
    
     filter, lag
    
     The following objects are masked from 'package:base':
    
     intersect, setdiff, setequal, union
    
     Selecting k and imputing non-clustered cases
     Computing consensus functions
     Evaluating output with consensus function results
     Diverse Cluster Ensemble Completed
     Selecting k and imputing non-clustered cases
     Computing consensus functions
     Evaluating output with consensus function results
     Diverse Cluster Ensemble Completed
     Selecting k and imputing non-clustered cases
     Computing consensus functions
     Evaluating output with consensus function results
     Diverse Cluster Ensemble Completed
     Selecting k and imputing non-clustered cases
     Computing consensus functions
     Diverse Cluster Ensemble Completed
     Selecting k and imputing non-clustered cases
     Computing consensus functions
     Diverse Cluster Ensemble Completed
     Selecting k and imputing non-clustered cases
     Computing consensus functions
     Diverse Cluster Ensemble Completed
     Selecting k and imputing non-clustered cases
     Computing consensus functions
     Diverse Cluster Ensemble Completed
     Error: C stack usage 311716672 is too close to the limit
    
     error: Mat::col(): index out of bounds
     terminate called after throwing an instance of 'std::logic_error'
     what(): Mat::col(): index out of bounds
Flavor: r-patched-solaris-x86