CRAN Package Check Results for Package diceR

Last updated on 2018-05-21 00:49:55 CEST.

Flavor Version Tinstall Tcheck Ttotal Status Flags
r-devel-linux-x86_64-debian-clang 0.5.0 19.54 209.82 229.36 OK
r-devel-linux-x86_64-debian-gcc 0.5.0 15.10 131.16 146.26 OK
r-devel-linux-x86_64-fedora-clang 0.5.0 286.75 OK
r-devel-linux-x86_64-fedora-gcc 0.5.0 235.59 OK
r-devel-windows-ix86+x86_64 0.5.0 41.00 338.00 379.00 OK
r-patched-linux-x86_64 0.5.0 22.48 167.34 189.82 OK
r-patched-solaris-x86 0.5.0 397.30 ERROR
r-release-linux-x86_64 0.5.0 20.06 181.98 202.04 OK
r-release-windows-ix86+x86_64 0.5.0 45.00 379.00 424.00 OK
r-release-osx-x86_64 0.5.0 OK
r-oldrel-windows-ix86+x86_64 0.5.0 44.00 384.00 428.00 OK
r-oldrel-osx-x86_64 0.4.0 OK

Check Details

Version: 0.5.0
Check: tests
Result: ERROR
     Running ‘testthat.R’ [256s/333s]
    Running the tests in ‘tests/testthat.R’ failed.
    Complete output:
     > library(testthat)
     > library(diceR)
     >
     > test_check("diceR")
     Selecting k and imputing non-clustered cases
     Computing consensus functions
     Evaluating output with consensus function results
     Diverse Cluster Ensemble Completed
     Selecting k and imputing non-clustered cases
     Computing consensus functions
     Evaluating output with consensus function results
     Diverse Cluster Ensemble Completed
     Selecting k and imputing non-clustered cases
     Computing consensus functions
     Evaluating output with consensus function results
     Diverse Cluster Ensemble Completed
     Selecting k and imputing non-clustered cases
     Computing consensus functions
     Diverse Cluster Ensemble Completed
     Selecting k and imputing non-clustered cases
     Computing consensus functions
     Diverse Cluster Ensemble Completed
     Selecting k and imputing non-clustered cases
     Computing consensus functions
     Diverse Cluster Ensemble Completed
     Selecting k and imputing non-clustered cases
     Computing consensus functions
     Diverse Cluster Ensemble Completed
     Error: C stack usage 236753812 is too close to the limit
    
     error: Mat::col(): index out of bounds
    
     error: Mat::col(): index out of bounds
     terminate called recursively
     terminate called after throwing an instance of 'std::logic_error'
     what(): Mat::col(): index out of bounds
Flavor: r-patched-solaris-x86