CRAN Package Check Results for Package diceR

Last updated on 2018-02-19 23:50:08 CET.

Flavor Version Tinstall Tcheck Ttotal Status Flags
r-devel-linux-x86_64-debian-clang 0.3.2 17.31 245.21 262.52 OK
r-devel-linux-x86_64-debian-gcc 0.3.2 13.75 157.86 171.61 OK
r-devel-linux-x86_64-fedora-clang 0.3.2 328.17 OK
r-devel-linux-x86_64-fedora-gcc 0.3.2 273.34 OK
r-devel-windows-ix86+x86_64 0.3.2 34.00 408.00 442.00 OK
r-patched-linux-x86_64 0.3.2 18.81 246.00 264.81 OK
r-patched-solaris-x86 0.3.2 444.80 ERROR
r-release-linux-x86_64 0.3.2 14.33 247.06 261.39 OK
r-release-windows-ix86+x86_64 0.3.2 56.00 618.00 674.00 OK
r-release-osx-x86_64 0.3.2 OK
r-oldrel-windows-ix86+x86_64 0.3.2 36.00 554.00 590.00 OK
r-oldrel-osx-x86_64 0.3.1 OK

Check Details

Version: 0.3.2
Check: tests
Result: ERROR
     Running ‘testthat.R’ [300s/372s]
    Running the tests in ‘tests/testthat.R’ failed.
    Complete output:
     > library(testthat)
     > library(diceR)
     >
     > test_check("diceR")
     Selecting k and imputing non-clustered cases
     Computing consensus functions
     Evaluating output with consensus function results
     Diverse Cluster Ensemble Completed
     Selecting k and imputing non-clustered cases
     Computing consensus functions
     Evaluating output with consensus function results
     Diverse Cluster Ensemble Completed
     Selecting k and imputing non-clustered cases
     Computing consensus functions
     Evaluating output with consensus function results
     Diverse Cluster Ensemble Completed
     Selecting k and imputing non-clustered cases
     Computing consensus functions
     Diverse Cluster Ensemble Completed
     Selecting k and imputing non-clustered cases
     Computing consensus functions
     Diverse Cluster Ensemble Completed
     Selecting k and imputing non-clustered cases
     Computing consensus functions
     Diverse Cluster Ensemble Completed
     Selecting k and imputing non-clustered cases
     Computing consensus functions
     Diverse Cluster Ensemble Completed
     Error: C stack usage 236743488 is too close to the limit
     ── 1. Error: tsne and largevis options result in 2D representation (@test-prepar
     missing value where TRUE/FALSE needed
     1: prepare_data(hgsc, type = "largevis") at testthat/test-prepare_data.R:8
     2: data %>% t() %>% largeVis::largeVis() %>% suppressWarnings() %>% magrittr::extract2("coords") %>%
     t() %>% magrittr::set_rownames(rownames(data))
     3: withVisible(eval(quote(`_fseq`(`_lhs`)), env, env))
     4: eval(quote(`_fseq`(`_lhs`)), env, env)
     5: eval(quote(`_fseq`(`_lhs`)), env, env)
     6: `_fseq`(`_lhs`)
     7: freduce(value, `_function_list`)
     8: function_list[[i]](value)
     9: largeVis::largeVis(.)
     10: randomProjectionTreeSearch(x, n_trees = n_trees, tree_threshold = tree_threshold,
     K = K, max_iter = max_iter, distance_method = distance_method, threads, verbose = verbose)
     11: randomProjectionTreeSearch.matrix(x, n_trees = n_trees, tree_threshold = tree_threshold,
     K = K, max_iter = max_iter, distance_method = distance_method, threads, verbose = verbose)
    
     ══ testthat results ═══════════════════════════════════════════════════════════
     OK: 109 SKIPPED: 0 FAILED: 1
     1. Error: tsne and largevis options result in 2D representation (@test-prepare_data.R#8)
    
     Error: testthat unit tests failed
     Execution halted
Flavor: r-patched-solaris-x86