CRAN Package Check Results for Package depmixS4

Last updated on 2018-06-18 21:47:31 CEST.

Flavor Version Tinstall Tcheck Ttotal Status Flags
r-devel-linux-x86_64-debian-clang 1.3-3 7.65 79.82 87.47 NOTE
r-devel-linux-x86_64-debian-gcc 1.3-3 5.70 63.99 69.69 NOTE
r-devel-linux-x86_64-fedora-clang 1.3-3 112.21 NOTE
r-devel-linux-x86_64-fedora-gcc 1.3-3 104.99 NOTE
r-devel-windows-ix86+x86_64 1.3-3 17.00 125.00 142.00 NOTE
r-patched-linux-x86_64 1.3-3 5.00 83.77 88.77 NOTE
r-patched-solaris-x86 1.3-3 141.50 NOTE
r-release-linux-x86_64 1.3-3 8.07 83.07 91.14 NOTE
r-release-windows-ix86+x86_64 1.3-3 12.00 160.00 172.00 NOTE
r-release-osx-x86_64 1.3-3 NOTE
r-oldrel-windows-ix86+x86_64 1.3-3 8.00 166.00 174.00 NOTE
r-oldrel-osx-x86_64 1.3-3 NOTE

Check Details

Version: 1.3-3
Check: package dependencies
Result: NOTE
    Package suggested but not available for checking: ‘Rdonlp2’
Flavors: r-devel-linux-x86_64-debian-clang, r-devel-linux-x86_64-debian-gcc, r-devel-linux-x86_64-fedora-clang, r-devel-linux-x86_64-fedora-gcc, r-devel-windows-ix86+x86_64, r-patched-linux-x86_64, r-patched-solaris-x86, r-release-linux-x86_64, r-release-windows-ix86+x86_64, r-release-osx-x86_64, r-oldrel-windows-ix86+x86_64, r-oldrel-osx-x86_64

Version: 1.3-3
Check: compiled code
Result: NOTE
    File ‘depmixS4/libs/depmixS4.so’:
     Found no calls to: ‘R_registerRoutines’, ‘R_useDynamicSymbols’
    
    It is good practice to register native routines and to disable symbol
    search.
    
    See ‘Writing portable packages’ in the ‘Writing R Extensions’ manual.
Flavors: r-devel-linux-x86_64-debian-clang, r-devel-linux-x86_64-debian-gcc, r-devel-linux-x86_64-fedora-clang, r-devel-linux-x86_64-fedora-gcc, r-patched-linux-x86_64, r-release-linux-x86_64