CRAN Package Check Results for Package depmixS4

Last updated on 2018-02-25 07:47:17 CET.

Flavor Version Tinstall Tcheck Ttotal Status Flags
r-devel-linux-x86_64-debian-clang 1.3-3 5.58 85.42 91.00 NOTE
r-devel-linux-x86_64-debian-gcc 1.3-3 5.34 62.11 67.45 NOTE
r-devel-linux-x86_64-fedora-clang 1.3-3 111.40 NOTE
r-devel-linux-x86_64-fedora-gcc 1.3-3 107.93 NOTE
r-devel-windows-ix86+x86_64 1.3-3 19.00 158.00 177.00 NOTE
r-patched-linux-x86_64 1.3-3 2.53 89.64 92.17 NOTE
r-patched-solaris-x86 1.3-3 128.40 NOTE
r-release-linux-x86_64 1.3-3 2.45 89.79 92.24 NOTE
r-release-windows-ix86+x86_64 1.3-3 10.00 178.00 188.00 NOTE
r-release-osx-x86_64 1.3-3 NOTE
r-oldrel-windows-ix86+x86_64 1.3-3 9.00 158.00 167.00 NOTE
r-oldrel-osx-x86_64 1.3-3 NOTE

Check Details

Version: 1.3-3
Check: package dependencies
Result: NOTE
    Package suggested but not available for checking: ‘Rdonlp2’
Flavors: r-devel-linux-x86_64-debian-clang, r-devel-linux-x86_64-debian-gcc, r-devel-linux-x86_64-fedora-clang, r-devel-linux-x86_64-fedora-gcc, r-devel-windows-ix86+x86_64, r-patched-linux-x86_64, r-patched-solaris-x86, r-release-linux-x86_64, r-release-windows-ix86+x86_64, r-release-osx-x86_64, r-oldrel-windows-ix86+x86_64, r-oldrel-osx-x86_64

Version: 1.3-3
Check: compiled code
Result: NOTE
    File ‘depmixS4/libs/depmixS4.so’:
     Found no calls to: ‘R_registerRoutines’, ‘R_useDynamicSymbols’
    
    It is good practice to register native routines and to disable symbol
    search.
    
    See ‘Writing portable packages’ in the ‘Writing R Extensions’ manual.
Flavors: r-devel-linux-x86_64-debian-clang, r-devel-linux-x86_64-debian-gcc, r-devel-linux-x86_64-fedora-clang, r-devel-linux-x86_64-fedora-gcc, r-patched-linux-x86_64, r-release-linux-x86_64