CRAN Package Check Results for Package depmixS4

Last updated on 2018-12-12 09:47:29 CET.

Flavor Version Tinstall Tcheck Ttotal Status Flags
r-devel-linux-x86_64-debian-clang 1.3-5 7.89 88.33 96.22 NOTE
r-devel-linux-x86_64-debian-gcc 1.3-5 6.01 65.10 71.11 NOTE
r-devel-linux-x86_64-fedora-clang 1.3-5 109.42 NOTE
r-devel-linux-x86_64-fedora-gcc 1.3-5 106.94 NOTE
r-devel-windows-ix86+x86_64 1.3-5 19.00 126.00 145.00 NOTE
r-patched-linux-x86_64 1.3-5 7.43 83.31 90.74 NOTE
r-patched-solaris-x86 1.3-5 146.20 NOTE
r-release-linux-x86_64 1.3-5 6.46 83.43 89.89 NOTE
r-release-windows-ix86+x86_64 1.3-5 23.00 114.00 137.00 NOTE
r-release-osx-x86_64 1.3-5 NOTE
r-oldrel-windows-ix86+x86_64 1.3-3 10.00 166.00 176.00 NOTE
r-oldrel-osx-x86_64 1.3-5 ERROR

Check Details

Version: 1.3-5
Check: package dependencies
Result: NOTE
    Package suggested but not available for checking: ‘Rdonlp2’
Flavors: r-devel-linux-x86_64-debian-clang, r-devel-linux-x86_64-debian-gcc, r-devel-linux-x86_64-fedora-clang, r-devel-linux-x86_64-fedora-gcc, r-devel-windows-ix86+x86_64, r-patched-linux-x86_64, r-patched-solaris-x86, r-release-linux-x86_64, r-release-windows-ix86+x86_64, r-release-osx-x86_64, r-oldrel-osx-x86_64

Version: 1.3-3
Check: package dependencies
Result: NOTE
    Package suggested but not available for checking: 'Rdonlp2'
Flavor: r-oldrel-windows-ix86+x86_64

Version: 1.3-5
Check: whether package can be installed
Result: ERROR
    Installation failed.
Flavor: r-oldrel-osx-x86_64