CRAN Package Check Results for Package depmixS4

Last updated on 2018-09-25 10:49:26 CEST.

Flavor Version Tinstall Tcheck Ttotal Status Flags
r-devel-linux-x86_64-debian-clang 1.3-5 6.22 91.67 97.89 NOTE
r-devel-linux-x86_64-debian-gcc 1.3-5 4.98 65.50 70.48 NOTE
r-devel-linux-x86_64-fedora-clang 1.3-5 111.84 NOTE
r-devel-linux-x86_64-fedora-gcc 1.3-5 107.86 NOTE
r-devel-windows-ix86+x86_64 1.3-5 19.00 174.00 193.00 NOTE
r-patched-linux-x86_64 1.3-5 6.24 83.16 89.40 NOTE
r-patched-solaris-x86 1.3-5 139.90 NOTE
r-release-linux-x86_64 1.3-5 6.80 83.74 90.54 NOTE
r-release-windows-ix86+x86_64 1.3-5 14.00 158.00 172.00 NOTE
r-release-osx-x86_64 1.3-5 NOTE
r-oldrel-windows-ix86+x86_64 1.3-3 10.00 166.00 176.00 NOTE
r-oldrel-osx-x86_64 1.3-5 ERROR

Check Details

Version: 1.3-5
Check: package dependencies
Result: NOTE
    Package suggested but not available for checking: ‘Rdonlp2’
Flavors: r-devel-linux-x86_64-debian-clang, r-devel-linux-x86_64-debian-gcc, r-devel-linux-x86_64-fedora-clang, r-devel-linux-x86_64-fedora-gcc, r-devel-windows-ix86+x86_64, r-patched-linux-x86_64, r-patched-solaris-x86, r-release-linux-x86_64, r-release-windows-ix86+x86_64, r-release-osx-x86_64, r-oldrel-osx-x86_64

Version: 1.3-3
Check: package dependencies
Result: NOTE
    Package suggested but not available for checking: 'Rdonlp2'
Flavor: r-oldrel-windows-ix86+x86_64

Version: 1.3-5
Check: whether package can be installed
Result: ERROR
    Installation failed.
Flavor: r-oldrel-osx-x86_64