CRAN Package Check Results for Package depmix

Last updated on 2017-12-12 15:48:32 CET.

Flavor Version Tinstall Tcheck Ttotal Status Flags
r-devel-linux-x86_64-debian-clang 0.9.14 4.13 36.57 40.70 NOTE
r-devel-linux-x86_64-debian-gcc 0.9.14 3.79 28.03 31.82 NOTE
r-devel-linux-x86_64-fedora-clang 0.9.14 45.86 NOTE
r-devel-linux-x86_64-fedora-gcc 0.9.14 43.71 NOTE
r-devel-windows-ix86+x86_64 0.9.14 24.00 57.00 81.00 NOTE
r-patched-linux-x86_64 0.9.14 4.22 34.92 39.14 NOTE
r-patched-solaris-x86 0.9.14 65.30 NOTE
r-release-linux-x86_64 0.9.14 4.22 34.67 38.89 NOTE
r-release-windows-ix86+x86_64 0.9.14 17.00 69.00 86.00 NOTE
r-release-osx-x86_64 0.9.14 NOTE
r-oldrel-windows-ix86+x86_64 0.9.14 25.00 64.00 89.00 NOTE
r-oldrel-osx-x86_64 0.9.14 NOTE

Check Details

Version: 0.9.14
Check: package dependencies
Result: NOTE
    Package suggested but not available for checking: ‘Rdonlp2’
Flavors: r-devel-linux-x86_64-debian-clang, r-devel-linux-x86_64-debian-gcc, r-devel-linux-x86_64-fedora-clang, r-devel-linux-x86_64-fedora-gcc, r-devel-windows-ix86+x86_64, r-patched-linux-x86_64, r-patched-solaris-x86, r-release-linux-x86_64, r-release-windows-ix86+x86_64, r-release-osx-x86_64, r-oldrel-windows-ix86+x86_64, r-oldrel-osx-x86_64

Version: 0.9.14
Check: compiled code
Result: NOTE
    File ‘depmix/libs/depmix.so’:
     Found no calls to: ‘R_registerRoutines’, ‘R_useDynamicSymbols’
    
    It is good practice to register native routines and to disable symbol
    search.
    
    See ‘Writing portable packages’ in the ‘Writing R Extensions’ manual.
Flavors: r-devel-linux-x86_64-debian-clang, r-devel-linux-x86_64-debian-gcc, r-devel-linux-x86_64-fedora-clang, r-devel-linux-x86_64-fedora-gcc, r-patched-linux-x86_64, r-release-linux-x86_64