CRAN Package Check Results for Package depmix

Last updated on 2018-08-22 06:46:42 CEST.

Flavor Version Tinstall Tcheck Ttotal Status Flags
r-devel-linux-x86_64-debian-clang 0.9.14 7.44 33.40 40.84 NOTE
r-devel-linux-x86_64-debian-gcc 0.9.14 6.65 26.89 33.54 NOTE
r-devel-linux-x86_64-fedora-clang 0.9.14 51.03 NOTE
r-devel-linux-x86_64-fedora-gcc 0.9.14 47.83 NOTE
r-devel-windows-ix86+x86_64 0.9.14 24.00 56.00 80.00 NOTE
r-patched-linux-x86_64 0.9.14 7.54 32.26 39.80 NOTE
r-patched-solaris-x86 0.9.14 70.60 NOTE
r-release-linux-x86_64 0.9.14 8.66 32.27 40.93 NOTE
r-release-windows-ix86+x86_64 0.9.14 32.00 49.00 81.00 NOTE
r-release-osx-x86_64 0.9.14 NOTE
r-oldrel-windows-ix86+x86_64 0.9.14 18.00 64.00 82.00 NOTE
r-oldrel-osx-x86_64 0.9.14 NOTE

Check Details

Version: 0.9.14
Check: package dependencies
Result: NOTE
    Package suggested but not available for checking: ‘Rdonlp2’
Flavors: r-devel-linux-x86_64-debian-clang, r-devel-linux-x86_64-debian-gcc, r-devel-linux-x86_64-fedora-clang, r-devel-linux-x86_64-fedora-gcc, r-devel-windows-ix86+x86_64, r-patched-linux-x86_64, r-patched-solaris-x86, r-release-linux-x86_64, r-release-windows-ix86+x86_64, r-release-osx-x86_64, r-oldrel-windows-ix86+x86_64, r-oldrel-osx-x86_64

Version: 0.9.14
Check: compiled code
Result: NOTE
    File ‘depmix/libs/depmix.so’:
     Found no calls to: ‘R_registerRoutines’, ‘R_useDynamicSymbols’
    
    It is good practice to register native routines and to disable symbol
    search.
    
    See ‘Writing portable packages’ in the ‘Writing R Extensions’ manual.
Flavors: r-devel-linux-x86_64-debian-clang, r-devel-linux-x86_64-debian-gcc, r-devel-linux-x86_64-fedora-clang, r-devel-linux-x86_64-fedora-gcc, r-patched-linux-x86_64, r-release-linux-x86_64