CRAN Package Check Results for Package depmix

Last updated on 2018-05-21 00:49:54 CEST.

Flavor Version Tinstall Tcheck Ttotal Status Flags
r-devel-linux-x86_64-debian-clang 0.9.14 7.93 29.48 37.41 NOTE
r-devel-linux-x86_64-debian-gcc 0.9.14 7.13 25.67 32.80 NOTE
r-devel-linux-x86_64-fedora-clang 0.9.14 51.47 NOTE
r-devel-linux-x86_64-fedora-gcc 0.9.14 47.43 NOTE
r-devel-windows-ix86+x86_64 0.9.14 27.00 50.00 77.00 NOTE
r-patched-linux-x86_64 0.9.14 8.82 32.30 41.12 NOTE
r-patched-solaris-x86 0.9.14 71.10 NOTE
r-release-linux-x86_64 0.9.14 8.26 32.12 40.38 NOTE
r-release-windows-ix86+x86_64 0.9.14 21.00 51.00 72.00 NOTE
r-release-osx-x86_64 0.9.14 NOTE
r-oldrel-windows-ix86+x86_64 0.9.14 18.00 69.00 87.00 NOTE
r-oldrel-osx-x86_64 0.9.14 NOTE

Check Details

Version: 0.9.14
Check: package dependencies
Result: NOTE
    Package suggested but not available for checking: ‘Rdonlp2’
Flavors: r-devel-linux-x86_64-debian-clang, r-devel-linux-x86_64-debian-gcc, r-devel-linux-x86_64-fedora-clang, r-devel-linux-x86_64-fedora-gcc, r-devel-windows-ix86+x86_64, r-patched-linux-x86_64, r-patched-solaris-x86, r-release-linux-x86_64, r-release-windows-ix86+x86_64, r-release-osx-x86_64, r-oldrel-windows-ix86+x86_64, r-oldrel-osx-x86_64

Version: 0.9.14
Check: compiled code
Result: NOTE
    File ‘depmix/libs/depmix.so’:
     Found no calls to: ‘R_registerRoutines’, ‘R_useDynamicSymbols’
    
    It is good practice to register native routines and to disable symbol
    search.
    
    See ‘Writing portable packages’ in the ‘Writing R Extensions’ manual.
Flavors: r-devel-linux-x86_64-debian-clang, r-devel-linux-x86_64-debian-gcc, r-devel-linux-x86_64-fedora-clang, r-devel-linux-x86_64-fedora-gcc, r-patched-linux-x86_64, r-release-linux-x86_64