CRAN Package Check Results for Package depmix

Last updated on 2018-02-19 23:50:08 CET.

Flavor Version Tinstall Tcheck Ttotal Status Flags
r-devel-linux-x86_64-debian-clang 0.9.14 8.94 27.86 36.80 NOTE
r-devel-linux-x86_64-debian-gcc 0.9.14 5.84 24.81 30.65 NOTE
r-devel-linux-x86_64-fedora-clang 0.9.14 49.73 NOTE
r-devel-linux-x86_64-fedora-gcc 0.9.14 48.13 NOTE
r-devel-windows-ix86+x86_64 0.9.14 22.00 50.00 72.00 NOTE
r-patched-linux-x86_64 0.9.14 4.28 34.97 39.25 NOTE
r-patched-solaris-x86 0.9.14 62.60 NOTE
r-release-linux-x86_64 0.9.14 4.14 35.25 39.39 NOTE
r-release-windows-ix86+x86_64 0.9.14 28.00 69.00 97.00 NOTE
r-release-osx-x86_64 0.9.14 NOTE
r-oldrel-windows-ix86+x86_64 0.9.14 23.00 58.00 81.00 NOTE
r-oldrel-osx-x86_64 0.9.14 NOTE

Check Details

Version: 0.9.14
Check: package dependencies
Result: NOTE
    Package suggested but not available for checking: ‘Rdonlp2’
Flavors: r-devel-linux-x86_64-debian-clang, r-devel-linux-x86_64-debian-gcc, r-devel-linux-x86_64-fedora-clang, r-devel-linux-x86_64-fedora-gcc, r-devel-windows-ix86+x86_64, r-patched-linux-x86_64, r-patched-solaris-x86, r-release-linux-x86_64, r-release-windows-ix86+x86_64, r-release-osx-x86_64, r-oldrel-windows-ix86+x86_64, r-oldrel-osx-x86_64

Version: 0.9.14
Check: compiled code
Result: NOTE
    File ‘depmix/libs/depmix.so’:
     Found no calls to: ‘R_registerRoutines’, ‘R_useDynamicSymbols’
    
    It is good practice to register native routines and to disable symbol
    search.
    
    See ‘Writing portable packages’ in the ‘Writing R Extensions’ manual.
Flavors: r-devel-linux-x86_64-debian-clang, r-devel-linux-x86_64-debian-gcc, r-devel-linux-x86_64-fedora-clang, r-devel-linux-x86_64-fedora-gcc, r-patched-linux-x86_64, r-release-linux-x86_64