CRAN Package Check Results for Package dendextend

Last updated on 2017-12-11 12:47:48 CET.

Flavor Version Tinstall Tcheck Ttotal Status Flags
r-devel-linux-x86_64-debian-clang 1.6.0 5.37 296.50 301.87 OK
r-devel-linux-x86_64-debian-gcc 1.6.0 4.98 268.61 273.59 OK
r-devel-linux-x86_64-fedora-clang 1.6.0 386.97 OK
r-devel-linux-x86_64-fedora-gcc 1.6.0 388.77 OK
r-devel-windows-ix86+x86_64 1.6.0 18.00 306.00 324.00 OK
r-patched-linux-x86_64 1.6.0 6.38 349.67 356.05 OK
r-patched-solaris-x86 1.6.0 443.30 WARN
r-release-linux-x86_64 1.6.0 5.66 359.39 365.05 OK
r-release-windows-ix86+x86_64 1.6.0 14.00 337.00 351.00 OK
r-release-osx-x86_64 1.6.0 WARN
r-oldrel-windows-ix86+x86_64 1.6.0 17.00 316.00 333.00 OK
r-oldrel-osx-x86_64 1.6.0 WARN

Check Details

Version: 1.6.0
Check: package dependencies
Result: NOTE
    Package suggested but not available for checking: ‘microbenchmark’
Flavor: r-patched-solaris-x86

Version: 1.6.0
Check: re-building of vignette outputs
Result: WARN
    Error in re-building vignettes:
     ...
    Warning in engine$weave(file, quiet = quiet, encoding = enc) :
     Pandoc (>= 1.12.3) and/or pandoc-citeproc not available. Falling back to R Markdown v1.
    
    ---------------------
    Welcome to dendextend version 1.6.0
    Type citation('dendextend') for how to cite the package.
    
    Type browseVignettes(package = 'dendextend') for the package vignette.
    The github page is: https://github.com/talgalili/dendextend/
    
    Suggestions and bug-reports can be submitted at: https://github.com/talgalili/dendextend/issues
    Or contact: <tal.galili@gmail.com>
    
     To suppress this message use: suppressPackageStartupMessages(library(dendextend))
    ---------------------
    
    
    Attaching package: 'dendextend'
    
    The following object is masked from 'package:stats':
    
     cutree
    
    Warning in engine$weave(file, quiet = quiet, encoding = enc) :
     Pandoc (>= 1.12.3) and/or pandoc-citeproc not available. Falling back to R Markdown v1.
    Warning in engine$weave(file, quiet = quiet, encoding = enc) :
     Pandoc (>= 1.12.3) and/or pandoc-citeproc not available. Falling back to R Markdown v1.
    Warning in engine$weave(file, quiet = quiet, encoding = enc) :
     Pandoc (>= 1.12.3) and/or pandoc-citeproc not available. Falling back to R Markdown v1.
    
    Attaching package: 'gplots'
    
    The following objects are masked from 'package:seriation':
    
     bluered, greenred
    
    The following object is masked from 'package:stats':
    
     lowess
    
    Loading required package: pkgmaker
    Loading required package: registry
    
    Attaching package: 'pkgmaker'
    
    The following object is masked from 'package:base':
    
     isNamespaceLoaded
    
    Loading required package: rngtools
    # NOTE - CRAN check detected: limiting maximum number of cores [2/16]
    NMF - BioConductor layer [OK] | Shared memory capabilities [OK] | Cores 2/2 | CRAN check
    PhantomJS not found. You can install it with webshot::install_phantomjs(). If it is installed, please make sure the phantomjs executable can be found via the PATH variable.
    Quitting from lines 925-927 (introduction.Rmd)
    Error: processing vignette 'introduction.Rmd' failed with diagnostics:
    cannot open the connection
    Execution halted
Flavor: r-patched-solaris-x86

Version: 1.6.0
Check: Rd cross-references
Result: NOTE
    Packages unavailable to check Rd xrefs: ‘WGCNA’, ‘moduleColor’
Flavor: r-release-osx-x86_64

Version: 1.6.0
Check: re-building of vignette outputs
Result: WARN
    Error in re-building vignettes:
     ...
    The following objects are masked from 'package:seriation':
    
     bluered, greenred
    
    The following object is masked from 'package:stats':
    
     lowess
    
    Loading required package: pkgmaker
    Loading required package: registry
    
    Attaching package: 'pkgmaker'
    
    The following object is masked from 'package:base':
    
     isNamespaceLoaded
    
    Loading required package: rngtools
    # NOTE - CRAN check detected: limiting maximum number of cores [2/8]
    NMF - BioConductor layer [OK] | Shared memory capabilities [OK] | Cores 2/2 | CRAN check
    PhantomJS not found. You can install it with webshot::install_phantomjs(). If it is installed, please make sure the phantomjs executable can be found via the PATH variable.
    Quitting from lines 925-927 (introduction.Rmd)
    Error: processing vignette 'introduction.Rmd' failed with diagnostics:
    cannot open the connection
    Execution halted
Flavor: r-release-osx-x86_64

Version: 1.6.0
Check: re-building of vignette outputs
Result: WARN
    Error in re-building vignettes:
     ...
    The following objects are masked from 'package:seriation':
    
     bluered, greenred
    
    The following object is masked from 'package:stats':
    
     lowess
    
    Loading required package: pkgmaker
    Loading required package: registry
    
    Attaching package: 'pkgmaker'
    
    The following object is masked from 'package:base':
    
     isNamespaceLoaded
    
    Loading required package: rngtools
    # NOTE - CRAN check detected: limiting maximum number of cores [2/16]
    NMF - BioConductor layer [OK] | Shared memory capabilities [OK] | Cores 2/2 | CRAN check
    PhantomJS not found. You can install it with webshot::install_phantomjs(). If it is installed, please make sure the phantomjs executable can be found via the PATH variable.
    Quitting from lines 925-927 (introduction.Rmd)
    Error: processing vignette 'introduction.Rmd' failed with diagnostics:
    cannot open the connection
    Execution halted
Flavor: r-oldrel-osx-x86_64