CRAN Package Check Results for Package ddpcr

Last updated on 2019-06-15 21:54:25 CEST.

Flavor Version Tinstall Tcheck Ttotal Status Flags
r-devel-linux-x86_64-debian-clang 1.11 5.96 104.14 110.10 OK
r-devel-linux-x86_64-debian-gcc 1.11 4.68 78.98 83.66 OK
r-devel-linux-x86_64-fedora-clang 1.11 135.14 OK
r-devel-linux-x86_64-fedora-gcc 1.11 133.18 OK
r-devel-windows-ix86+x86_64 1.11 21.00 178.00 199.00 OK
r-patched-linux-x86_64 1.11 6.60 104.06 110.66 OK
r-patched-solaris-x86 1.11 200.60 NOTE
r-release-linux-x86_64 1.11 6.65 105.77 112.42 OK
r-release-windows-ix86+x86_64 1.11 14.00 190.00 204.00 OK
r-release-osx-x86_64 1.11 OK
r-oldrel-windows-ix86+x86_64 1.11 15.00 118.00 133.00 OK
r-oldrel-osx-x86_64 1.11 OK

Check Details

Version: 1.11
Check: installed package size
Result: NOTE
     installed size is 5.7Mb
     sub-directories of 1Mb or more:
     sample_data 3.6Mb
Flavor: r-patched-solaris-x86