CRAN Package Check Results for Package ddpcr

Last updated on 2019-04-19 03:47:23 CEST.

Flavor Version Tinstall Tcheck Ttotal Status Flags
r-devel-linux-x86_64-debian-clang 1.11 6.82 104.80 111.62 OK
r-devel-linux-x86_64-debian-gcc 1.11 5.35 79.61 84.96 OK
r-devel-linux-x86_64-fedora-clang 1.11 133.60 OK
r-devel-linux-x86_64-fedora-gcc 1.11 130.15 OK
r-devel-windows-ix86+x86_64 1.11 23.00 208.00 231.00 OK
r-patched-linux-x86_64 1.11 6.32 104.07 110.39 OK
r-patched-solaris-x86 1.11 191.80 NOTE
r-release-linux-x86_64 1.11 5.87 98.80 104.67 OK
r-release-windows-ix86+x86_64 1.11 11.00 124.00 135.00 OK
r-release-osx-x86_64 1.11 OK
r-oldrel-windows-ix86+x86_64 1.11 19.00 182.00 201.00 OK
r-oldrel-osx-x86_64 1.11 OK

Check Details

Version: 1.11
Check: installed package size
Result: NOTE
     installed size is 5.7Mb
     sub-directories of 1Mb or more:
     sample_data 3.6Mb
Flavor: r-patched-solaris-x86