CRAN Package Check Results for Package dbscan

Last updated on 2018-10-20 09:54:53 CEST.

Flavor Version Tinstall Tcheck Ttotal Status Flags
r-devel-linux-x86_64-debian-clang 1.1-2 112.05 80.13 192.18 OK
r-devel-linux-x86_64-debian-gcc 1.1-2 94.86 61.98 156.84 OK
r-devel-linux-x86_64-fedora-clang 1.1-2 286.83 NOTE
r-devel-linux-x86_64-fedora-gcc 1.1-2 259.05 OK
r-devel-windows-ix86+x86_64 1.1-2 288.00 177.00 465.00 OK
r-patched-linux-x86_64 1.1-2 117.32 73.23 190.55 OK
r-patched-solaris-x86 1.1-2 269.80 OK
r-release-linux-x86_64 1.1-2 124.09 72.29 196.38 OK
r-release-windows-ix86+x86_64 1.1-2 311.00 180.00 491.00 OK
r-release-osx-x86_64 1.1-2 NOTE
r-oldrel-windows-ix86+x86_64 1.1-2 236.00 186.00 422.00 OK
r-oldrel-osx-x86_64 1.1-2 NOTE

Check Details

Version: 1.1-2
Check: installed package size
Result: NOTE
     installed size is 8.0Mb
     sub-directories of 1Mb or more:
     libs 6.8Mb
Flavors: r-devel-linux-x86_64-fedora-clang, r-release-osx-x86_64, r-oldrel-osx-x86_64