CRAN Package Check Results for Package cultevo

Last updated on 2019-09-19 10:47:49 CEST.

Flavor Version Tinstall Tcheck Ttotal Status Flags
r-devel-linux-x86_64-debian-clang 1.0.2 3.74 279.76 283.50 OK
r-devel-linux-x86_64-debian-gcc 1.0.2 2.75 224.31 227.06 OK
r-devel-linux-x86_64-fedora-clang 1.0.2 329.66 OK
r-devel-linux-x86_64-fedora-gcc 1.0.2 331.70 OK
r-devel-windows-ix86+x86_64 1.0.2 18.00 341.00 359.00 OK
r-patched-linux-x86_64 1.0.2 2.70 281.21 283.91 OK
r-patched-solaris-x86 1.0.2 646.70 OK
r-release-linux-x86_64 1.0.2 2.66 286.51 289.17 OK
r-release-windows-ix86+x86_64 1.0.2 8.00 272.00 280.00 OK
r-release-osx-x86_64 1.0.2 NOTE
r-oldrel-windows-ix86+x86_64 1.0.2 5.00 54.00 59.00 OK
r-oldrel-osx-x86_64 1.0.2 NOTE

Check Details

Version: 1.0.2
Check: dependencies in R code
Result: NOTE
    Namespace in Imports field not imported from: ‘pspearman’
     All declared Imports should be used.
Flavors: r-release-osx-x86_64, r-oldrel-osx-x86_64