CRAN Package Check Results for Package cstab

Last updated on 2017-12-15 06:46:46 CET.

Flavor Version Tinstall Tcheck Ttotal Status Flags
r-devel-linux-x86_64-debian-clang 0.2-1 22.96 87.98 110.94 FAIL
r-devel-linux-x86_64-debian-gcc 0.2-1 19.82 78.02 97.84 OK
r-devel-linux-x86_64-fedora-clang 0.2-1 165.21 OK
r-devel-linux-x86_64-fedora-gcc 0.2-1 157.20 OK
r-devel-windows-ix86+x86_64 0.2-1 82.00 239.00 321.00 OK
r-patched-linux-x86_64 0.2-1 23.22 99.95 123.17 OK
r-patched-solaris-x86 0.2-1 200.50 OK
r-release-linux-x86_64 0.2-1 23.00 99.40 122.40 OK
r-release-windows-ix86+x86_64 0.2-1 68.00 231.00 299.00 OK
r-release-osx-x86_64 0.2-1 OK
r-oldrel-windows-ix86+x86_64 0.2-1 83.00 251.00 334.00 OK
r-oldrel-osx-x86_64 0.2-1 OK

Check Details

Version: 0.2-1
Check: pragmas in C/C++ headers and code
Result: FAIL
    
Flavor: r-devel-linux-x86_64-debian-clang