CRAN Package Check Results for Package crossReg

Last updated on 2018-10-18 23:48:16 CEST.

Flavor Version Tinstall Tcheck Ttotal Status Flags
r-devel-linux-x86_64-debian-clang 1.0 0.77 22.92 23.69 NOTE
r-devel-linux-x86_64-debian-gcc 1.0 0.77 18.05 18.82 NOTE
r-devel-linux-x86_64-fedora-clang 1.0 28.83 NOTE
r-devel-linux-x86_64-fedora-gcc 1.0 27.30 NOTE
r-devel-windows-ix86+x86_64 1.0 3.00 44.00 47.00 NOTE
r-patched-linux-x86_64 1.0 0.87 21.09 21.96 NOTE
r-patched-solaris-x86 1.0 41.10 NOTE
r-release-linux-x86_64 1.0 0.71 21.00 21.71 NOTE
r-release-windows-ix86+x86_64 1.0 2.00 41.00 43.00 NOTE
r-release-osx-x86_64 1.0 NOTE
r-oldrel-windows-ix86+x86_64 1.0 2.00 42.00 44.00 NOTE
r-oldrel-osx-x86_64 1.0 NOTE

Check Details

Version: 1.0
Check: R code for possible problems
Result: NOTE
    BootC : BSs: no visible global function definition for ‘lm’
    BootC : BSs: no visible global function definition for ‘vcov’
    BootC: no visible global function definition for ‘boot’
    BootC: no visible global function definition for ‘boot.ci’
    DeltaC: no visible global function definition for ‘lm’
    DeltaC: no visible global function definition for ‘vcov’
    FiellerC: no visible global function definition for ‘lm’
    FiellerC: no visible global function definition for ‘vcov’
    nonLinearC: no visible global function definition for ‘nls’
    Undefined global functions or variables:
     boot boot.ci lm nls vcov
    Consider adding
     importFrom("stats", "lm", "nls", "vcov")
    to your NAMESPACE file.
Flavors: r-devel-linux-x86_64-debian-clang, r-devel-linux-x86_64-debian-gcc, r-devel-linux-x86_64-fedora-clang, r-devel-linux-x86_64-fedora-gcc, r-devel-windows-ix86+x86_64, r-patched-linux-x86_64, r-patched-solaris-x86, r-release-linux-x86_64, r-release-windows-ix86+x86_64, r-release-osx-x86_64, r-oldrel-windows-ix86+x86_64, r-oldrel-osx-x86_64