CRAN Package Check Results for Package convey

Last updated on 2019-08-19 11:49:00 CEST.

Flavor Version Tinstall Tcheck Ttotal Status Flags
r-devel-linux-x86_64-debian-clang 0.2.1 15.41 190.61 206.02 NOTE
r-devel-linux-x86_64-debian-gcc 0.2.1 12.49 147.05 159.54 NOTE
r-devel-linux-x86_64-fedora-clang 0.2.1 237.04 NOTE
r-devel-linux-x86_64-fedora-gcc 0.2.1 233.67 NOTE
r-devel-windows-ix86+x86_64 0.2.1 28.00 254.00 282.00 OK
r-patched-linux-x86_64 0.2.1 12.38 183.83 196.21 NOTE
r-patched-solaris-x86 0.2.1 354.10 NOTE
r-release-linux-x86_64 0.2.1 13.69 182.87 196.56 NOTE
r-release-windows-ix86+x86_64 0.2.1 20.00 194.00 214.00 OK
r-release-osx-x86_64 0.2.1 OK
r-oldrel-windows-ix86+x86_64 0.2.1 21.00 259.00 280.00 OK
r-oldrel-osx-x86_64 0.2.1 OK

Check Details

Version: 0.2.1
Check: package dependencies
Result: NOTE
    Package suggested but not available for checking: 'MonetDBLite'
Flavors: r-devel-linux-x86_64-debian-clang, r-devel-linux-x86_64-debian-gcc, r-devel-linux-x86_64-fedora-clang, r-devel-linux-x86_64-fedora-gcc, r-patched-linux-x86_64, r-patched-solaris-x86, r-release-linux-x86_64