CRAN Package Check Results for Package convey

Last updated on 2019-10-20 02:46:49 CEST.

Flavor Version Tinstall Tcheck Ttotal Status Flags
r-devel-linux-x86_64-debian-clang 0.2.1 13.42 191.68 205.10 NOTE
r-devel-linux-x86_64-debian-gcc 0.2.1 13.62 145.79 159.41 NOTE
r-devel-linux-x86_64-fedora-clang 0.2.1 242.34 NOTE
r-devel-linux-x86_64-fedora-gcc 0.2.1 250.98 NOTE
r-devel-windows-ix86+x86_64 0.2.1 24.00 195.00 219.00 OK
r-patched-linux-x86_64 0.2.1 11.81 179.18 190.99 NOTE
r-patched-solaris-x86 0.2.1 348.70 NOTE
r-release-linux-x86_64 0.2.1 15.45 181.97 197.42 NOTE
r-release-windows-ix86+x86_64 0.2.1 22.00 259.00 281.00 OK
r-release-osx-x86_64 0.2.1 OK
r-oldrel-windows-ix86+x86_64 0.2.1 14.00 176.00 190.00 OK
r-oldrel-osx-x86_64 0.2.1 OK

Check Details

Version: 0.2.1
Check: package dependencies
Result: NOTE
    Package suggested but not available for checking: 'MonetDBLite'
Flavors: r-devel-linux-x86_64-debian-clang, r-devel-linux-x86_64-debian-gcc, r-devel-linux-x86_64-fedora-clang, r-devel-linux-x86_64-fedora-gcc, r-patched-linux-x86_64, r-patched-solaris-x86, r-release-linux-x86_64