CRAN Package Check Results for Package convey

Last updated on 2019-05-27 06:49:47 CEST.

Flavor Version Tinstall Tcheck Ttotal Status Flags
r-devel-linux-x86_64-debian-clang 0.2.1 12.07 199.76 211.83 NOTE
r-devel-linux-x86_64-debian-gcc 0.2.1 10.82 146.32 157.14 NOTE
r-devel-linux-x86_64-fedora-clang 0.2.1 250.62 NOTE
r-devel-linux-x86_64-fedora-gcc 0.2.1 231.91 NOTE
r-devel-windows-ix86+x86_64 0.2.1 24.00 204.00 228.00 OK
r-patched-linux-x86_64 0.2.1 NOTE
r-patched-solaris-x86 0.2.1 345.20 NOTE
r-release-linux-x86_64 0.2.1 13.00 187.16 200.16 NOTE
r-release-windows-ix86+x86_64 0.2.1 31.00 258.00 289.00 OK
r-release-osx-x86_64 0.2.1 OK
r-oldrel-windows-ix86+x86_64 0.2.1 24.00 203.00 227.00 OK
r-oldrel-osx-x86_64 0.2.1 OK

Check Details

Version: 0.2.1
Check: package dependencies
Result: NOTE
    Package suggested but not available for checking: 'MonetDBLite'
Flavors: r-devel-linux-x86_64-debian-clang, r-devel-linux-x86_64-debian-gcc, r-devel-linux-x86_64-fedora-clang, r-devel-linux-x86_64-fedora-gcc, r-patched-linux-x86_64, r-patched-solaris-x86, r-release-linux-x86_64