CRAN Package Check Results for Package comato

Last updated on 2018-06-18 21:47:30 CEST.

Flavor Version Tinstall Tcheck Ttotal Status Flags
r-devel-linux-x86_64-debian-clang 1.1 6.74 80.23 86.97 OK
r-devel-linux-x86_64-debian-gcc 1.1 6.27 69.61 75.88 OK
r-devel-linux-x86_64-fedora-clang 1.1 112.38 OK
r-devel-linux-x86_64-fedora-gcc 1.1 104.75 OK
r-devel-windows-ix86+x86_64 1.1 20.00 96.00 116.00 OK
r-patched-linux-x86_64 1.1 5.77 72.99 78.76 OK
r-patched-solaris-x86 1.1 144.20 OK
r-release-linux-x86_64 1.1 7.07 74.83 81.90 OK
r-release-windows-ix86+x86_64 1.1 12.00 111.00 123.00 OK
r-release-osx-x86_64 1.1 OK
r-oldrel-windows-ix86+x86_64 1.1 13.00 124.00 137.00 OK
r-oldrel-osx-x86_64 1.1 WARN

Check Details

Version: 1.1
Check: whether package can be installed
Result: WARN
    Found the following significant warnings:
     Warning: 'rgl_init' failed, running with rgl.useNULL = TRUE
Flavor: r-oldrel-osx-x86_64