CRAN Package Check Results for Package comato

Last updated on 2018-09-26 08:48:04 CEST.

Flavor Version Tinstall Tcheck Ttotal Status Flags
r-devel-linux-x86_64-debian-clang 1.1 8.86 87.25 96.11 OK
r-devel-linux-x86_64-debian-gcc 1.1 0.29 1.36 1.65 ERROR
r-devel-linux-x86_64-fedora-clang 1.1 111.75 OK
r-devel-linux-x86_64-fedora-gcc 1.1 108.39 OK
r-devel-windows-ix86+x86_64 1.1 20.00 135.00 155.00 OK
r-patched-linux-x86_64 1.1 6.39 72.67 79.06 OK
r-patched-solaris-x86 1.1 143.90 OK
r-release-linux-x86_64 1.1 6.81 72.82 79.63 OK
r-release-windows-ix86+x86_64 1.1 20.00 138.00 158.00 OK
r-release-osx-x86_64 1.1 OK
r-oldrel-windows-ix86+x86_64 1.1 11.00 121.00 132.00 OK
r-oldrel-osx-x86_64 1.1 WARN

Check Details

Version: 1.1
Check: package dependencies
Result: ERROR
    Package required but not available: ‘clusterSim’
    
    See section ‘The DESCRIPTION file’ in the ‘Writing R Extensions’
    manual.
Flavor: r-devel-linux-x86_64-debian-gcc

Version: 1.1
Check: whether package can be installed
Result: WARN
    Found the following significant warnings:
     Warning: 'rgl_init' failed, running with rgl.useNULL = TRUE
Flavor: r-oldrel-osx-x86_64