CRAN Package Check Results for Package comato

Last updated on 2018-12-12 09:47:27 CET.

Flavor Version Tinstall Tcheck Ttotal Status Flags
r-devel-linux-x86_64-debian-clang 1.1 15.57 174.03 189.60 OK
r-devel-linux-x86_64-debian-gcc 1.1 12.27 138.67 150.94 OK
r-devel-linux-x86_64-fedora-clang 1.1 205.57 OK
r-devel-linux-x86_64-fedora-gcc 1.1 219.55 OK
r-devel-windows-ix86+x86_64 1.1 41.00 172.00 213.00 OK
r-patched-linux-x86_64 1.1 15.32 171.46 186.78 OK
r-patched-solaris-x86 1.1 340.80 OK
r-release-linux-x86_64 1.1 13.87 169.52 183.39 OK
r-release-windows-ix86+x86_64 1.1 28.00 163.00 191.00 OK
r-release-osx-x86_64 1.1 OK
r-oldrel-windows-ix86+x86_64 1.1 25.00 169.00 194.00 OK
r-oldrel-osx-x86_64 1.1 WARN

Check Details

Version: 1.1
Check: whether package can be installed
Result: WARN
    Found the following significant warnings:
     Warning: 'rgl_init' failed, running with rgl.useNULL = TRUE
Flavor: r-oldrel-osx-x86_64