CRAN Package Check Results for Package comato

Last updated on 2017-12-12 10:52:25 CET.

Flavor Version Tinstall Tcheck Ttotal Status Flags
r-devel-linux-x86_64-debian-clang 1.0 4.96 69.60 74.56 NOTE
r-devel-linux-x86_64-debian-gcc 1.0 4.10 53.45 57.55 NOTE
r-devel-linux-x86_64-fedora-clang 1.0 90.82 NOTE
r-devel-linux-x86_64-fedora-gcc 1.0 88.42 NOTE
r-devel-windows-ix86+x86_64 1.0 15.00 87.00 102.00 NOTE
r-patched-linux-x86_64 1.0 4.39 74.57 78.96 NOTE
r-patched-solaris-x86 1.0 146.60 NOTE
r-release-linux-x86_64 1.0 4.74 74.71 79.45 NOTE
r-release-windows-ix86+x86_64 1.0 12.00 99.00 111.00 NOTE
r-release-osx-x86_64 1.0 NOTE
r-oldrel-windows-ix86+x86_64 1.0 11.00 110.00 121.00 NOTE
r-oldrel-osx-x86_64 1.0 WARN

Check Details

Version: 1.0
Check: R code for possible problems
Result: NOTE
    Hopkins.index: no visible global function definition for ‘runif’
    MBM.em: no visible global function definition for ‘runif’
    PAM.cluster: no visible global function definition for ‘dist’
    calculate.layout: no visible global function definition for ‘optim’
    min.distance: no visible global function definition for ‘dist’
    plot.conceptmap: no visible global function definition for ‘par’
    plot.conceptmap: no visible global function definition for ‘plot’
    plot.conceptmaps: no visible global function definition for ‘plot’
    Undefined global functions or variables:
     dist optim par plot runif
    Consider adding
     importFrom("graphics", "par", "plot")
     importFrom("stats", "dist", "optim", "runif")
    to your NAMESPACE file.
Flavors: r-devel-linux-x86_64-debian-clang, r-devel-linux-x86_64-debian-gcc, r-devel-linux-x86_64-fedora-clang, r-devel-linux-x86_64-fedora-gcc, r-devel-windows-ix86+x86_64, r-patched-linux-x86_64, r-patched-solaris-x86, r-release-linux-x86_64, r-release-windows-ix86+x86_64, r-release-osx-x86_64, r-oldrel-windows-ix86+x86_64

Version: 1.0
Check: whether package can be installed
Result: WARN
    Found the following significant warnings:
     Warning: 'rgl_init' failed, running with rgl.useNULL = TRUE
Flavor: r-oldrel-osx-x86_64

Version: 1.0
Check: dependencies in R code
Result: NOTE
    Invalid MIT-MAGIC-COOKIE-1 key
Flavor: r-oldrel-osx-x86_64

Version: 1.0
Check: S3 generic/method consistency
Result: WARN
    Invalid MIT-MAGIC-COOKIE-1 key
    See section ‘Generic functions and methods’ in the ‘Writing R
    Extensions’ manual.
Flavor: r-oldrel-osx-x86_64

Version: 1.0
Check: replacement functions
Result: WARN
    Invalid MIT-MAGIC-COOKIE-1 key
    The argument of a replacement function which corresponds to the right
    hand side must be named ‘value’.
Flavor: r-oldrel-osx-x86_64

Version: 1.0
Check: foreign function calls
Result: NOTE
    Invalid MIT-MAGIC-COOKIE-1 key
    See chapter ‘System and foreign language interfaces’ in the ‘Writing R
    Extensions’ manual.
Flavor: r-oldrel-osx-x86_64

Version: 1.0
Check: R code for possible problems
Result: NOTE
    Invalid MIT-MAGIC-COOKIE-1 keyHopkins.index: no visible global function definition for ‘runif’
    MBM.em: no visible global function definition for ‘runif’
    PAM.cluster: no visible global function definition for ‘dist’
    calculate.layout: no visible global function definition for ‘optim’
    min.distance: no visible global function definition for ‘dist’
    plot.conceptmap: no visible global function definition for ‘par’
    plot.conceptmap: no visible global function definition for ‘plot’
    plot.conceptmaps: no visible global function definition for ‘plot’
    Undefined global functions or variables:
     dist optim par plot runif
    Consider adding
     importFrom("graphics", "par", "plot")
     importFrom("stats", "dist", "optim", "runif")
    to your NAMESPACE file.
Flavor: r-oldrel-osx-x86_64

Version: 1.0
Check: for missing documentation entries
Result: WARN
    Invalid MIT-MAGIC-COOKIE-1 key
    All user-level objects in a package should have documentation entries.
    See chapter ‘Writing R documentation files’ in the ‘Writing R
    Extensions’ manual.
Flavor: r-oldrel-osx-x86_64

Version: 1.0
Check: for code/documentation mismatches
Result: WARN
    Invalid MIT-MAGIC-COOKIE-1 key
    Invalid MIT-MAGIC-COOKIE-1 key
    Invalid MIT-MAGIC-COOKIE-1 key
Flavor: r-oldrel-osx-x86_64

Version: 1.0
Check: Rd \usage sections
Result: NOTE
    Invalid MIT-MAGIC-COOKIE-1 key
    The \usage entries for S3 methods should use the \method markup and not
    their full name.
    See chapter ‘Writing R documentation files’ in the ‘Writing R
    Extensions’ manual.
Flavor: r-oldrel-osx-x86_64