CRAN Package Check Results for Package collapsibleTree

Last updated on 2019-09-19 16:47:56 CEST.

Flavor Version Tinstall Tcheck Ttotal Status Flags
r-devel-linux-x86_64-debian-clang 0.1.7 7.15 61.17 68.32 OK
r-devel-linux-x86_64-debian-gcc 0.1.7 5.97 47.01 52.98 OK
r-devel-linux-x86_64-fedora-clang 0.1.7 80.94 OK
r-devel-linux-x86_64-fedora-gcc 0.1.7 77.46 OK
r-devel-windows-ix86+x86_64 0.1.7 28.00 110.00 138.00 ERROR
r-patched-linux-x86_64 0.1.7 6.36 58.48 64.84 OK
r-patched-solaris-x86 0.1.7 129.70 OK
r-release-linux-x86_64 0.1.7 6.19 58.36 64.55 OK
r-release-windows-ix86+x86_64 0.1.7 20.00 84.00 104.00 OK
r-release-osx-x86_64 0.1.7 OK
r-oldrel-windows-ix86+x86_64 0.1.7 10.00 79.00 89.00 OK
r-oldrel-osx-x86_64 0.1.7 OK

Check Details

Version: 0.1.7
Check: PDF version of manual
Result: WARN
    LaTeX errors when creating PDF version.
    This typically indicates Rd problems.
Flavor: r-devel-windows-ix86+x86_64

Version: 0.1.7
Check: PDF version of manual without hyperrefs or index
Result: ERROR
    Re-running with no redirection of stdout/stderr.
Flavor: r-devel-windows-ix86+x86_64