CRAN Package Check Results for Package clv

Last updated on 2018-11-18 10:49:53 CET.

Flavor Version Tinstall Tcheck Ttotal Status Flags
r-devel-linux-x86_64-debian-clang 0.3-2.1 5.57 30.02 35.59 OK
r-devel-linux-x86_64-debian-gcc 0.3-2.1 4.39 24.00 28.39 OK
r-devel-linux-x86_64-fedora-clang 0.3-2.1 41.21 NOTE
r-devel-linux-x86_64-fedora-gcc 0.3-2.1 38.77 NOTE
r-devel-windows-ix86+x86_64 0.3-2.1 24.00 59.00 83.00 OK
r-patched-linux-x86_64 0.3-2.1 5.17 28.21 33.38 OK
r-patched-solaris-x86 0.3-2.1 61.50 OK
r-release-linux-x86_64 0.3-2.1 5.36 28.42 33.78 OK
r-release-windows-ix86+x86_64 0.3-2.1 18.00 62.00 80.00 OK
r-release-osx-x86_64 0.3-2.1 OK
r-oldrel-windows-ix86+x86_64 0.3-2.1 26.00 63.00 89.00 OK
r-oldrel-osx-x86_64 0.3-2.1 OK

Check Details

Version: 0.3-2.1
Check: compiled code
Result: NOTE
    File ‘clv/libs/clv.so’:
     Found no calls to: ‘R_registerRoutines’, ‘R_useDynamicSymbols’
    
    It is good practice to register native routines and to disable symbol
    search.
    
    See ‘Writing portable packages’ in the ‘Writing R Extensions’ manual.
Flavors: r-devel-linux-x86_64-fedora-clang, r-devel-linux-x86_64-fedora-gcc