CRAN Package Check Results for Package clv

Last updated on 2018-02-19 23:50:06 CET.

Flavor Version Tinstall Tcheck Ttotal Status Flags
r-devel-linux-x86_64-debian-clang 0.3-2.1 4.14 25.48 29.62 NOTE
r-devel-linux-x86_64-debian-gcc 0.3-2.1 4.58 21.93 26.51 NOTE
r-devel-linux-x86_64-fedora-clang 0.3-2.1 39.47 NOTE
r-devel-linux-x86_64-fedora-gcc 0.3-2.1 38.01 NOTE
r-devel-windows-ix86+x86_64 0.3-2.1 17.00 47.00 64.00 OK
r-patched-linux-x86_64 0.3-2.1 3.31 28.96 32.27 NOTE
r-patched-solaris-x86 0.3-2.1 53.20 OK
r-release-linux-x86_64 0.3-2.1 3.72 28.15 31.87 NOTE
r-release-windows-ix86+x86_64 0.3-2.1 18.00 60.00 78.00 OK
r-release-osx-x86_64 0.3-2.1 OK
r-oldrel-windows-ix86+x86_64 0.3-2.1 21.00 57.00 78.00 OK
r-oldrel-osx-x86_64 0.3-2.1 OK

Check Details

Version: 0.3-2.1
Check: compiled code
Result: NOTE
    File ‘clv/libs/clv.so’:
     Found no calls to: ‘R_registerRoutines’, ‘R_useDynamicSymbols’
    
    It is good practice to register native routines and to disable symbol
    search.
    
    See ‘Writing portable packages’ in the ‘Writing R Extensions’ manual.
Flavors: r-devel-linux-x86_64-debian-clang, r-devel-linux-x86_64-debian-gcc, r-devel-linux-x86_64-fedora-clang, r-devel-linux-x86_64-fedora-gcc, r-patched-linux-x86_64, r-release-linux-x86_64