CRAN Package Check Results for Package clv

Last updated on 2017-12-12 10:52:25 CET.

Flavor Version Tinstall Tcheck Ttotal Status Flags
r-devel-linux-x86_64-debian-clang 0.3-2.1 3.25 28.04 31.29 NOTE
r-devel-linux-x86_64-debian-gcc 0.3-2.1 2.83 22.05 24.88 NOTE
r-devel-linux-x86_64-fedora-clang 0.3-2.1 35.85 NOTE
r-devel-linux-x86_64-fedora-gcc 0.3-2.1 33.38 NOTE
r-devel-windows-ix86+x86_64 0.3-2.1 22.00 46.00 68.00 OK
r-patched-linux-x86_64 0.3-2.1 3.04 28.32 31.36 NOTE
r-patched-solaris-x86 0.3-2.1 56.20 OK
r-release-linux-x86_64 0.3-2.1 3.02 27.72 30.74 NOTE
r-release-windows-ix86+x86_64 0.3-2.1 14.00 67.00 81.00 OK
r-release-osx-x86_64 0.3-2.1 OK
r-oldrel-windows-ix86+x86_64 0.3-2.1 19.00 58.00 77.00 OK
r-oldrel-osx-x86_64 0.3-2.1 OK

Check Details

Version: 0.3-2.1
Check: compiled code
Result: NOTE
    File ‘clv/libs/clv.so’:
     Found no calls to: ‘R_registerRoutines’, ‘R_useDynamicSymbols’
    
    It is good practice to register native routines and to disable symbol
    search.
    
    See ‘Writing portable packages’ in the ‘Writing R Extensions’ manual.
Flavors: r-devel-linux-x86_64-debian-clang, r-devel-linux-x86_64-debian-gcc, r-devel-linux-x86_64-fedora-clang, r-devel-linux-x86_64-fedora-gcc, r-patched-linux-x86_64, r-release-linux-x86_64