CRAN Package Check Results for Package clv

Last updated on 2018-05-21 00:49:52 CEST.

Flavor Version Tinstall Tcheck Ttotal Status Flags
r-devel-linux-x86_64-debian-clang 0.3-2.1 5.35 26.76 32.11 NOTE
r-devel-linux-x86_64-debian-gcc 0.3-2.1 4.51 22.55 27.06 NOTE
r-devel-linux-x86_64-fedora-clang 0.3-2.1 41.01 NOTE
r-devel-linux-x86_64-fedora-gcc 0.3-2.1 38.60 NOTE
r-devel-windows-ix86+x86_64 0.3-2.1 22.00 49.00 71.00 OK
r-patched-linux-x86_64 0.3-2.1 5.28 28.10 33.38 NOTE
r-patched-solaris-x86 0.3-2.1 60.40 OK
r-release-linux-x86_64 0.3-2.1 4.50 27.77 32.27 NOTE
r-release-windows-ix86+x86_64 0.3-2.1 16.00 51.00 67.00 OK
r-release-osx-x86_64 0.3-2.1 OK
r-oldrel-windows-ix86+x86_64 0.3-2.1 13.00 59.00 72.00 OK
r-oldrel-osx-x86_64 0.3-2.1 OK

Check Details

Version: 0.3-2.1
Check: compiled code
Result: NOTE
    File ‘clv/libs/clv.so’:
     Found no calls to: ‘R_registerRoutines’, ‘R_useDynamicSymbols’
    
    It is good practice to register native routines and to disable symbol
    search.
    
    See ‘Writing portable packages’ in the ‘Writing R Extensions’ manual.
Flavors: r-devel-linux-x86_64-debian-clang, r-devel-linux-x86_64-debian-gcc, r-devel-linux-x86_64-fedora-clang, r-devel-linux-x86_64-fedora-gcc, r-patched-linux-x86_64, r-release-linux-x86_64