CRAN Package Check Results for Package clusternomics

Last updated on 2019-04-19 03:47:21 CEST.

Flavor Version Tinstall Tcheck Ttotal Status Flags
r-devel-linux-x86_64-debian-clang 0.1.1 3.60 824.42 828.02 ERROR
r-devel-linux-x86_64-debian-gcc 0.1.1 2.53 516.17 518.70 OK
r-devel-linux-x86_64-fedora-clang 0.1.1 876.33 OK
r-devel-linux-x86_64-fedora-gcc 0.1.1 787.91 OK
r-devel-windows-ix86+x86_64 0.1.1 10.00 50.00 60.00 OK --no-examples --no-tests --no-vignettes
r-patched-linux-x86_64 0.1.1 3.17 809.73 812.90 OK
r-patched-solaris-x86 0.1.1 830.70 OK
r-release-linux-x86_64 0.1.1 1.84 815.45 817.29 OK
r-release-windows-ix86+x86_64 0.1.1 5.00 62.00 67.00 OK --no-examples --no-tests --no-vignettes
r-release-osx-x86_64 0.1.1 OK
r-oldrel-windows-ix86+x86_64 0.1.1 4.00 65.00 69.00 OK --no-examples --no-tests --no-vignettes
r-oldrel-osx-x86_64 0.1.1 OK

Check Details

Version: 0.1.1
Check: tests
Result: ERROR
     Running 'testthat.R' [10m/10m]
    Running the tests in 'tests/testthat.R' failed.
    Complete output:
     > library(testthat)
     > library(clusternomics)
     >
     > test_check("clusternomics")
     Killed
Flavor: r-devel-linux-x86_64-debian-clang