CRAN Package Check Results for Package clusternomics

Last updated on 2019-06-15 21:54:23 CEST.

Flavor Version Tinstall Tcheck Ttotal Status Flags
r-devel-linux-x86_64-debian-clang 0.1.1 3.35 827.73 831.08 ERROR
r-devel-linux-x86_64-debian-gcc 0.1.1 2.90 580.58 583.48 OK
r-devel-linux-x86_64-fedora-clang 0.1.1 803.88 OK
r-devel-linux-x86_64-fedora-gcc 0.1.1 799.41 OK
r-devel-windows-ix86+x86_64 0.1.1 9.00 50.00 59.00 OK --no-examples --no-tests --no-vignettes
r-patched-linux-x86_64 0.1.1 3.29 663.11 666.40 OK
r-patched-solaris-x86 0.1.1 1043.10 OK
r-release-linux-x86_64 0.1.1 3.54 736.04 739.58 OK
r-release-windows-ix86+x86_64 0.1.1 6.00 62.00 68.00 OK --no-examples --no-tests --no-vignettes
r-release-osx-x86_64 0.1.1 OK
r-oldrel-windows-ix86+x86_64 0.1.1 4.00 66.00 70.00 OK --no-examples --no-tests --no-vignettes
r-oldrel-osx-x86_64 0.1.1 OK

Check Details

Version: 0.1.1
Check: tests
Result: ERROR
     Running 'testthat.R' [10m/10m]
    Running the tests in 'tests/testthat.R' failed.
    Complete output:
     > library(testthat)
     > library(clusternomics)
     >
     > test_check("clusternomics")
     Killed
Flavor: r-devel-linux-x86_64-debian-clang