CRAN Package Check Results for Package clusterfly

Last updated on 2018-02-19 23:50:06 CET.

Flavor Version Tinstall Tcheck Ttotal Status Flags
r-devel-linux-x86_64-debian-clang 0.4 2.92 38.53 41.45 NOTE
r-devel-linux-x86_64-debian-gcc 0.4 2.07 32.92 34.99 NOTE
r-devel-linux-x86_64-fedora-clang 0.4 53.31 NOTE
r-devel-linux-x86_64-fedora-gcc 0.4 52.12 NOTE
r-devel-windows-ix86+x86_64 0.4 4.00 56.00 60.00 NOTE
r-patched-linux-x86_64 0.4 1.53 45.87 47.40 NOTE
r-release-linux-x86_64 0.4 2.04 45.65 47.69 NOTE
r-release-windows-ix86+x86_64 0.4 7.00 81.00 88.00 NOTE
r-release-osx-x86_64 0.4 ERROR
r-oldrel-windows-ix86+x86_64 0.4 7.00 71.00 78.00 NOTE
r-oldrel-osx-x86_64 0.4 ERROR

Check Details

Version: 0.4
Check: dependencies in R code
Result: NOTE
    'library' or 'require' call to ‘ggplot2’ in package code.
     Please use :: or requireNamespace() instead.
     See section 'Suggested packages' in the 'Writing R Extensions' manual.
Flavors: r-devel-linux-x86_64-debian-clang, r-devel-linux-x86_64-debian-gcc, r-devel-linux-x86_64-fedora-clang, r-devel-linux-x86_64-fedora-gcc, r-devel-windows-ix86+x86_64, r-patched-linux-x86_64, r-release-linux-x86_64, r-release-windows-ix86+x86_64, r-oldrel-windows-ix86+x86_64

Version: 0.4
Check: R code for possible problems
Result: NOTE
    cfly_dist: no visible global function definition for ‘ggplot’
    cfly_dist: no visible global function definition for ‘aes_string’
    cfly_dist: no visible global function definition for ‘geom_density’
    cfly_dist: no visible global function definition for ‘facet_grid’
    cfly_fluct: no visible global function definition for ‘ggplot’
    cfly_fluct: no visible global function definition for ‘aes_string’
    cfly_fluct: no visible global function definition for ‘geom_tile’
    cfly_fluct: no visible global function definition for
     ‘scale_y_discrete’
    cfly_fluct: no visible global function definition for
     ‘scale_x_discrete’
    cfly_fluct: no visible global function definition for ‘theme’
    cfly_pcp: no visible global function definition for ‘ggplot’
    cfly_pcp: no visible global function definition for ‘aes_string’
    cfly_pcp: no visible global function definition for ‘geom_line’
    cfly_pcp: no visible global function definition for ‘facet_wrap’
    cut.hierfly: no visible global function definition for ‘cutree’
    ellipse: no visible global function definition for ‘var’
    ellipse: no visible global function definition for ‘rnorm’
    ellipse: no visible global function definition for ‘qf’
    ggobi.somiter: no visible binding for global variable ‘step’
    hierarchical: no visible global function definition for ‘cutree’
    hierarchical: no visible global function definition for ‘hclust’
    hierarchical: no visible global function definition for ‘dist’
    hierfly: no visible global function definition for ‘hclust’
    hierfly: no visible global function definition for ‘dist’
    olive_example: no visible binding for global variable ‘kmeans’
    print.hierfly: no visible global function definition for ‘str’
    rescaler : <anonymous>: no visible global function definition for ‘sd’
    rescaler : <anonymous>: no visible global function definition for
     ‘median’
    rescaler : <anonymous>: no visible global function definition for ‘mad’
    som_iterate: no visible global function definition for ‘quantile’
    som_iterate: no visible global function definition for ‘unit.distances’
    summary.somiter : interesting: no visible global function definition
     for ‘sd’
    Undefined global functions or variables:
     aes_string cutree dist facet_grid facet_wrap geom_density geom_line
     geom_tile ggplot hclust kmeans mad median qf quantile rnorm
     scale_x_discrete scale_y_discrete sd step str theme unit.distances
     var
    Consider adding
     importFrom("stats", "cutree", "dist", "hclust", "kmeans", "mad",
     "median", "qf", "quantile", "rnorm", "sd", "step", "var")
     importFrom("utils", "str")
    to your NAMESPACE file.
Flavors: r-devel-linux-x86_64-debian-clang, r-devel-linux-x86_64-debian-gcc, r-devel-linux-x86_64-fedora-clang, r-devel-linux-x86_64-fedora-gcc, r-devel-windows-ix86+x86_64, r-patched-linux-x86_64, r-release-linux-x86_64, r-release-windows-ix86+x86_64, r-oldrel-windows-ix86+x86_64

Version: 0.4
Check: package dependencies
Result: ERROR
    Packages required but not available: ‘rggobi’ ‘RGtk2’
    
    See section ‘The DESCRIPTION file’ in the ‘Writing R Extensions’
    manual.
Flavor: r-release-osx-x86_64

Version: 0.4
Check: package dependencies
Result: ERROR
    Package required but not available: ‘rggobi’
    
    See section ‘The DESCRIPTION file’ in the ‘Writing R Extensions’
    manual.
Flavor: r-oldrel-osx-x86_64