CRAN Package Check Results for Package clusterSim

Last updated on 2017-12-18 01:46:31 CET.

Flavor Version Tinstall Tcheck Ttotal Status Flags
r-devel-linux-x86_64-debian-clang 0.47-1 3.83 87.89 91.72 OK
r-devel-linux-x86_64-debian-gcc OK
r-devel-linux-x86_64-fedora-clang 0.47-1 117.43 NOTE
r-devel-linux-x86_64-fedora-gcc 0.47-1 116.06 NOTE
r-devel-windows-ix86+x86_64 0.47-1 12.00 126.00 138.00 NOTE
r-patched-linux-x86_64 0.47-1 3.14 98.41 101.55 OK
r-patched-solaris-x86 0.47-1 128.90 NOTE
r-release-linux-x86_64 0.47-1 3.80 98.10 101.90 OK
r-release-windows-ix86+x86_64 0.47-1 10.00 121.00 131.00 NOTE
r-release-osx-x86_64 0.47-1 NOTE
r-oldrel-windows-ix86+x86_64 0.47-1 15.00 112.00 127.00 NOTE
r-oldrel-osx-x86_64 0.47-1 NOTE

Check Details

Version: 0.47-1
Check: installed package size
Result: NOTE
     installed size is 5.5Mb
     sub-directories of 1Mb or more:
     doc 2.9Mb
     pdf 2.2Mb
Flavors: r-devel-linux-x86_64-fedora-clang, r-devel-linux-x86_64-fedora-gcc, r-devel-windows-ix86+x86_64, r-patched-solaris-x86, r-release-windows-ix86+x86_64, r-release-osx-x86_64, r-oldrel-windows-ix86+x86_64, r-oldrel-osx-x86_64