CRAN Package Check Results for Package clusterSim

Last updated on 2018-07-21 14:47:20 CEST.

Flavor Version Tinstall Tcheck Ttotal Status Flags
r-devel-linux-x86_64-debian-clang 0.47-1 9.82 94.86 104.68 OK
r-devel-linux-x86_64-debian-gcc 0.47-1 8.84 73.52 82.36 OK
r-devel-linux-x86_64-fedora-clang 0.47-1 119.05 NOTE
r-devel-linux-x86_64-fedora-gcc 0.47-1 117.32 OK
r-devel-windows-ix86+x86_64 0.47-1 32.00 129.00 161.00 NOTE
r-patched-linux-x86_64 0.47-1 OK
r-patched-solaris-x86 0.47-1 145.70 NOTE
r-release-linux-x86_64 0.47-1 8.91 92.89 101.80 OK
r-release-windows-ix86+x86_64 0.47-1 36.00 140.00 176.00 NOTE
r-release-osx-x86_64 0.47-1 NOTE
r-oldrel-windows-ix86+x86_64 0.47-1 14.00 181.00 195.00 NOTE
r-oldrel-osx-x86_64 0.47-1 NOTE

Check Details

Version: 0.47-1
Check: installed package size
Result: NOTE
     installed size is 5.7Mb
     sub-directories of 1Mb or more:
     doc 2.9Mb
     pdf 2.2Mb
Flavors: r-devel-linux-x86_64-fedora-clang, r-devel-windows-ix86+x86_64, r-patched-solaris-x86, r-release-windows-ix86+x86_64, r-release-osx-x86_64, r-oldrel-windows-ix86+x86_64, r-oldrel-osx-x86_64