CRAN Package Check Results for Package clusterRepro

Last updated on 2018-10-18 23:48:15 CEST.

Flavor Version Tinstall Tcheck Ttotal Status Flags
r-devel-linux-x86_64-debian-clang 0.9 0.88 19.12 20.00 OK
r-devel-linux-x86_64-debian-gcc 0.9 0.78 14.92 15.70 OK
r-devel-linux-x86_64-fedora-clang 0.9 24.04 OK
r-devel-linux-x86_64-fedora-gcc 0.9 21.75 OK
r-devel-windows-ix86+x86_64 0.9 3.00 36.00 39.00 OK
r-patched-linux-x86_64 0.9 0.76 17.47 18.23 OK
r-patched-solaris-x86 0.9 31.90 OK
r-release-linux-x86_64 0.9 0.89 17.24 18.13 OK
r-release-windows-ix86+x86_64 0.5-1.1 3.00 28.00 31.00 NOTE
r-release-osx-x86_64 0.9 OK
r-oldrel-windows-ix86+x86_64 0.9 2.00 22.00 24.00 OK
r-oldrel-osx-x86_64 0.9 OK

Check Details

Version: 0.5-1.1
Check: DESCRIPTION meta-information
Result: NOTE
    Malformed Description field: should contain one or more complete sentences.
Flavor: r-release-windows-ix86+x86_64

Version: 0.5-1.1
Check: R code for possible problems
Result: NOTE
    IGP.clusterRepro: no visible global function definition for 'cor'
    permuteCol: no visible global function definition for 'runif'
    Undefined global functions or variables:
     cor runif
    Consider adding
     importFrom("stats", "cor", "runif")
    to your NAMESPACE file.
Flavor: r-release-windows-ix86+x86_64