CRAN Package Check Results for Package clusterRepro

Last updated on 2018-07-20 14:48:53 CEST.

Flavor Version Tinstall Tcheck Ttotal Status Flags
r-devel-linux-x86_64-debian-clang 0.5-1.1 0.60 18.40 19.00 NOTE
r-devel-linux-x86_64-debian-gcc 0.5-1.1 0.64 14.64 15.28 NOTE
r-devel-linux-x86_64-fedora-clang 0.5-1.1 22.16 NOTE
r-devel-linux-x86_64-fedora-gcc 0.5-1.1 20.74 NOTE
r-devel-windows-ix86+x86_64 0.5-1.1 3.00 28.00 31.00 NOTE
r-patched-linux-x86_64 0.5-1.1 0.64 17.23 17.87 NOTE
r-patched-solaris-x86 0.5-1.1 34.70 NOTE
r-release-linux-x86_64 0.5-1.1 0.84 17.40 18.24 NOTE
r-release-windows-ix86+x86_64 0.5-1.1 3.00 28.00 31.00 NOTE
r-release-osx-x86_64 0.5-1.1 NOTE
r-oldrel-windows-ix86+x86_64 0.5-1.1 2.00 24.00 26.00 NOTE
r-oldrel-osx-x86_64 0.5-1.1 NOTE

Check Details

Version: 0.5-1.1
Check: DESCRIPTION meta-information
Result: NOTE
    Malformed Description field: should contain one or more complete sentences.
Flavors: r-devel-linux-x86_64-debian-clang, r-devel-linux-x86_64-debian-gcc, r-devel-linux-x86_64-fedora-clang, r-devel-linux-x86_64-fedora-gcc, r-devel-windows-ix86+x86_64, r-patched-linux-x86_64, r-patched-solaris-x86, r-release-linux-x86_64, r-release-windows-ix86+x86_64, r-release-osx-x86_64, r-oldrel-windows-ix86+x86_64, r-oldrel-osx-x86_64

Version: 0.5-1.1
Check: R code for possible problems
Result: NOTE
    IGP.clusterRepro: no visible global function definition for ‘cor’
    permuteCol: no visible global function definition for ‘runif’
    Undefined global functions or variables:
     cor runif
    Consider adding
     importFrom("stats", "cor", "runif")
    to your NAMESPACE file.
Flavors: r-devel-linux-x86_64-debian-clang, r-devel-linux-x86_64-debian-gcc, r-devel-linux-x86_64-fedora-clang, r-devel-linux-x86_64-fedora-gcc, r-devel-windows-ix86+x86_64, r-patched-linux-x86_64, r-patched-solaris-x86, r-release-linux-x86_64, r-release-windows-ix86+x86_64, r-release-osx-x86_64, r-oldrel-windows-ix86+x86_64, r-oldrel-osx-x86_64