CRAN Package Check Results for Package clues

Last updated on 2017-12-14 12:46:47 CET.

Flavor Version Tinstall Tcheck Ttotal Status Flags
r-devel-linux-x86_64-debian-clang 0.5.9 2.53 16.16 18.69 FAIL
r-devel-linux-x86_64-debian-gcc 0.5.9 2.05 14.47 16.52 FAIL
r-devel-linux-x86_64-fedora-clang 0.5.9 35.84 NOTE
r-devel-linux-x86_64-fedora-gcc 0.5.9 34.75 NOTE
r-devel-windows-ix86+x86_64 0.5.9 24.00 48.00 72.00 OK
r-patched-linux-x86_64 0.5.9 2.57 25.62 28.19 NOTE
r-patched-solaris-x86 0.5.9 46.80 OK
r-release-linux-x86_64 0.5.9 2.60 25.42 28.02 NOTE
r-release-windows-ix86+x86_64 0.5.9 17.00 56.00 73.00 OK
r-release-osx-x86_64 0.5.9 OK
r-oldrel-windows-ix86+x86_64 0.5.9 21.00 55.00 76.00 OK
r-oldrel-osx-x86_64 0.5.9 WARN

Check Details

Version: 0.5.9
Check: pragmas in C/C++ headers and code
Result: FAIL
    
Flavors: r-devel-linux-x86_64-debian-clang, r-devel-linux-x86_64-debian-gcc

Version: 0.5.9
Check: compiled code
Result: NOTE
    File ‘clues/libs/clues.so’:
     Found no calls to: ‘R_registerRoutines’, ‘R_useDynamicSymbols’
    
    It is good practice to register native routines and to disable symbol
    search.
    
    See ‘Writing portable packages’ in the ‘Writing R Extensions’ manual.
Flavors: r-devel-linux-x86_64-fedora-clang, r-devel-linux-x86_64-fedora-gcc, r-patched-linux-x86_64, r-release-linux-x86_64

Version: 0.5.9
Check: whether package can be installed
Result: WARN
    Found the following significant warnings:
     Warning: Possible change of value in conversion from REAL(8) to INTEGER(4) at (1)
Flavor: r-oldrel-osx-x86_64