CRAN Package Check Results for Package clues

Last updated on 2018-11-18 10:49:53 CET.

Flavor Version Tinstall Tcheck Ttotal Status Flags
r-devel-linux-x86_64-debian-clang 0.5.9 4.02 28.50 32.52 OK
r-devel-linux-x86_64-debian-gcc 0.5.9 3.35 23.02 26.37 OK
r-devel-linux-x86_64-fedora-clang 0.5.9 38.14 NOTE
r-devel-linux-x86_64-fedora-gcc 0.5.9 36.44 NOTE
r-devel-windows-ix86+x86_64 0.5.9 18.00 50.00 68.00 OK
r-patched-linux-x86_64 0.5.9 3.43 28.09 31.52 OK
r-patched-solaris-x86 0.5.9 54.60 OK
r-release-linux-x86_64 0.5.9 3.36 27.86 31.22 OK
r-release-windows-ix86+x86_64 0.5.9 23.00 62.00 85.00 OK
r-release-osx-x86_64 0.5.9 OK
r-oldrel-windows-ix86+x86_64 0.5.9 22.00 58.00 80.00 OK
r-oldrel-osx-x86_64 0.5.9 OK

Check Details

Version: 0.5.9
Check: compiled code
Result: NOTE
    File ‘clues/libs/clues.so’:
     Found no calls to: ‘R_registerRoutines’, ‘R_useDynamicSymbols’
    
    It is good practice to register native routines and to disable symbol
    search.
    
    See ‘Writing portable packages’ in the ‘Writing R Extensions’ manual.
Flavors: r-devel-linux-x86_64-fedora-clang, r-devel-linux-x86_64-fedora-gcc