CRAN Package Check Results for Package clues

Last updated on 2018-05-27 06:46:41 CEST.

Flavor Version Tinstall Tcheck Ttotal Status Flags
r-devel-linux-x86_64-debian-clang 0.5.9 3.52 26.98 30.50 NOTE
r-devel-linux-x86_64-debian-gcc 0.5.9 2.73 21.82 24.55 NOTE
r-devel-linux-x86_64-fedora-clang 0.5.9 37.86 NOTE
r-devel-linux-x86_64-fedora-gcc 0.5.9 36.72 NOTE
r-devel-windows-ix86+x86_64 0.5.9 15.00 65.00 80.00 OK
r-patched-linux-x86_64 0.5.9 3.82 26.86 30.68 NOTE
r-patched-solaris-x86 0.5.9 55.40 OK
r-release-linux-x86_64 0.5.9 3.39 26.77 30.16 NOTE
r-release-windows-ix86+x86_64 0.5.9 21.00 55.00 76.00 OK
r-release-osx-x86_64 0.5.9 OK
r-oldrel-windows-ix86+x86_64 0.5.9 18.00 45.00 63.00 OK
r-oldrel-osx-x86_64 0.5.9 OK

Check Details

Version: 0.5.9
Check: compiled code
Result: NOTE
    File ‘clues/libs/clues.so’:
     Found no calls to: ‘R_registerRoutines’, ‘R_useDynamicSymbols’
    
    It is good practice to register native routines and to disable symbol
    search.
    
    See ‘Writing portable packages’ in the ‘Writing R Extensions’ manual.
Flavors: r-devel-linux-x86_64-debian-clang, r-devel-linux-x86_64-debian-gcc, r-devel-linux-x86_64-fedora-clang, r-devel-linux-x86_64-fedora-gcc, r-patched-linux-x86_64, r-release-linux-x86_64