CRAN Package Check Results for Package clues

Last updated on 2018-08-21 22:49:48 CEST.

Flavor Version Tinstall Tcheck Ttotal Status Flags
r-devel-linux-x86_64-debian-clang 0.5.9 3.95 28.52 32.47 NOTE
r-devel-linux-x86_64-debian-gcc 0.5.9 3.10 23.16 26.26 NOTE
r-devel-linux-x86_64-fedora-clang 0.5.9 38.24 NOTE
r-devel-linux-x86_64-fedora-gcc 0.5.9 37.01 NOTE
r-devel-windows-ix86+x86_64 0.5.9 20.00 49.00 69.00 OK
r-patched-linux-x86_64 0.5.9 3.67 27.30 30.97 NOTE
r-patched-solaris-x86 0.5.9 58.40 OK
r-release-linux-x86_64 0.5.9 4.10 27.22 31.32 NOTE
r-release-windows-ix86+x86_64 0.5.9 23.00 45.00 68.00 OK
r-release-osx-x86_64 0.5.9 OK
r-oldrel-windows-ix86+x86_64 0.5.9 15.00 59.00 74.00 OK
r-oldrel-osx-x86_64 0.5.9 OK

Check Details

Version: 0.5.9
Check: compiled code
Result: NOTE
    File ‘clues/libs/clues.so’:
     Found no calls to: ‘R_registerRoutines’, ‘R_useDynamicSymbols’
    
    It is good practice to register native routines and to disable symbol
    search.
    
    See ‘Writing portable packages’ in the ‘Writing R Extensions’ manual.
Flavors: r-devel-linux-x86_64-debian-clang, r-devel-linux-x86_64-debian-gcc, r-devel-linux-x86_64-fedora-clang, r-devel-linux-x86_64-fedora-gcc, r-patched-linux-x86_64, r-release-linux-x86_64