CRAN Package Check Results for Package clue

Last updated on 2018-11-18 10:49:53 CET.

Flavor Version Tinstall Tcheck Ttotal Status Flags
r-devel-linux-x86_64-debian-clang 0.3-56 6.95 61.57 68.52 OK
r-devel-linux-x86_64-debian-gcc 0.3-56 6.72 47.80 54.52 OK
r-devel-linux-x86_64-fedora-clang 0.3-56 82.96 OK
r-devel-linux-x86_64-fedora-gcc 0.3-56 79.25 OK
r-devel-windows-ix86+x86_64 0.3-56 26.00 87.00 113.00 OK
r-patched-linux-x86_64 0.3-56 7.79 58.71 66.50 OK
r-patched-solaris-x86 0.3-56 115.20 NOTE
r-release-linux-x86_64 0.3-56 7.50 59.98 67.48 OK
r-release-windows-ix86+x86_64 0.3-56 25.00 113.00 138.00 OK
r-release-osx-x86_64 0.3-56 OK
r-oldrel-windows-ix86+x86_64 0.3-56 17.00 130.00 147.00 OK
r-oldrel-osx-x86_64 0.3-56 OK

Check Details

Version: 0.3-56
Check: package dependencies
Result: NOTE
    Package which this enhances but not available for checking: ‘RWeka’
Flavor: r-patched-solaris-x86