CRAN Package Check Results for Package ccChooser

Last updated on 2018-07-20 14:48:52 CEST.

Flavor Version Tinstall Tcheck Ttotal Status Flags
r-devel-linux-x86_64-debian-clang 0.2.6 1.15 20.60 21.75 NOTE
r-devel-linux-x86_64-debian-gcc 0.2.6 0.91 16.25 17.16 NOTE
r-devel-linux-x86_64-fedora-clang 0.2.6 25.28 NOTE
r-devel-linux-x86_64-fedora-gcc 0.2.6 23.88 NOTE
r-devel-windows-ix86+x86_64 0.2.6 4.00 49.00 53.00 NOTE
r-patched-linux-x86_64 0.2.6 0.88 19.36 20.24 NOTE
r-patched-solaris-x86 0.2.6 41.00 NOTE
r-release-linux-x86_64 0.2.6 0.93 19.43 20.36 NOTE
r-release-windows-ix86+x86_64 0.2.6 5.00 31.00 36.00 NOTE
r-release-osx-x86_64 0.2.6 NOTE
r-oldrel-windows-ix86+x86_64 0.2.6 5.00 31.00 36.00 NOTE
r-oldrel-osx-x86_64 0.2.6 NOTE

Check Details

Version: 0.2.6
Check: R code for possible problems
Result: NOTE
    VD: no visible binding for global variable ‘var’
    stratcc : <anonymous>: no visible global function definition for
     ‘hclust’
    stratcc : <anonymous>: no visible global function definition for
     ‘cutree’
    Undefined global functions or variables:
     cutree hclust var
    Consider adding
     importFrom("stats", "cutree", "hclust", "var")
    to your NAMESPACE file.
Flavors: r-devel-linux-x86_64-debian-clang, r-devel-linux-x86_64-debian-gcc, r-devel-linux-x86_64-fedora-clang, r-devel-linux-x86_64-fedora-gcc, r-devel-windows-ix86+x86_64, r-patched-linux-x86_64, r-patched-solaris-x86, r-release-linux-x86_64, r-release-windows-ix86+x86_64, r-release-osx-x86_64, r-oldrel-windows-ix86+x86_64, r-oldrel-osx-x86_64

Version: 0.2.6
Check: Rd line widths
Result: NOTE
    Rd file 'stratcc.Rd':
     \usage lines wider than 90 characters:
     stratcc(x, groups, alloc = "Pro", fraction = 0.1, clustering = FALSE, cluster_method = "ward")
    
    These lines will be truncated in the PDF manual.
Flavors: r-devel-linux-x86_64-debian-clang, r-devel-linux-x86_64-debian-gcc, r-devel-linux-x86_64-fedora-clang, r-devel-linux-x86_64-fedora-gcc, r-patched-linux-x86_64, r-release-linux-x86_64