CRAN Package Check Results for Package cairoDevice

Last updated on 2019-05-24 13:48:16 CEST.

Flavor Version Tinstall Tcheck Ttotal Status Flags
r-devel-linux-x86_64-debian-clang 2.26 4.44 0.02 4.46 FAIL
r-devel-linux-x86_64-debian-gcc 2.26 3.21 0.01 3.22 FAIL
r-devel-linux-x86_64-fedora-clang 2.26 27.85 WARN
r-devel-linux-x86_64-fedora-gcc 2.26 26.52 WARN
r-devel-windows-ix86+x86_64 2.26 25.00 59.00 84.00 OK
r-patched-linux-x86_64 2.26 3.54 0.02 3.56 FAIL
r-patched-solaris-x86 2.26 48.00 NOTE
r-release-linux-x86_64 2.26 3.80 18.97 22.77 NOTE
r-release-windows-ix86+x86_64 2.26 23.00 36.00 59.00 OK
r-release-osx-x86_64 2.26 ERROR
r-oldrel-windows-ix86+x86_64 2.26 25.00 54.00 79.00 OK
r-oldrel-osx-x86_64 2.26 ERROR

Check Details

Version: 2.26
Check: whether the namespace can be unloaded cleanly
Result: FAIL
    
Flavors: r-devel-linux-x86_64-debian-clang, r-devel-linux-x86_64-debian-gcc, r-patched-linux-x86_64

Version: 2.26
Check: whether the namespace can be unloaded cleanly
Result: WARN
    ---- unloading
    
    (R:6485): GLib-CRITICAL **: 21:08:48.786: g_main_loop_quit: assertion 'loop != NULL' failed
Flavor: r-devel-linux-x86_64-fedora-clang

Version: 2.26
Check: compiled code
Result: NOTE
    File ‘cairoDevice/libs/cairoDevice.so’:
     Found non-API call to R: ‘R_CStackLimit’
    
    Compiled code should not call non-API entry points in R.
    
    See ‘Writing portable packages’ in the ‘Writing R Extensions’ manual.
Flavors: r-devel-linux-x86_64-fedora-clang, r-devel-linux-x86_64-fedora-gcc, r-patched-solaris-x86, r-release-linux-x86_64

Version: 2.26
Check: whether the namespace can be unloaded cleanly
Result: WARN
    ---- unloading
    
    (R:9123): GLib-CRITICAL **: 19:11:17.197: g_main_loop_quit: assertion 'loop != NULL' failed
Flavor: r-devel-linux-x86_64-fedora-gcc

Version: 2.26
Check: whether package can be installed
Result: ERROR
    Installation failed.
Flavors: r-release-osx-x86_64, r-oldrel-osx-x86_64