CRAN Package Check Results for Package cairoDevice

Last updated on 2019-08-19 11:48:59 CEST.

Flavor Version Tinstall Tcheck Ttotal Status Flags
r-devel-linux-x86_64-debian-clang 2.27 4.94 0.02 4.96 FAIL
r-devel-linux-x86_64-debian-gcc 2.27 3.39 0.02 3.41 FAIL
r-devel-linux-x86_64-fedora-clang 2.27 30.68 WARN
r-devel-linux-x86_64-fedora-gcc 2.27 28.34 WARN
r-devel-windows-ix86+x86_64 2.27 32.00 57.00 89.00 NOTE
r-patched-linux-x86_64 2.27 3.77 0.02 3.79 FAIL
r-patched-solaris-x86 2.27 44.40 NOTE
r-release-linux-x86_64 2.27 3.83 0.02 3.85 FAIL
r-release-windows-ix86+x86_64 2.27 16.00 39.00 55.00 NOTE
r-release-osx-x86_64 2.27 NOTE
r-oldrel-windows-ix86+x86_64 2.27 13.00 38.00 51.00 NOTE
r-oldrel-osx-x86_64 2.27 NOTE

Check Details

Version: 2.27
Check: whether the namespace can be unloaded cleanly
Result: FAIL
    
Flavors: r-devel-linux-x86_64-debian-clang, r-devel-linux-x86_64-debian-gcc, r-patched-linux-x86_64, r-release-linux-x86_64

Version: 2.27
Check: whether the namespace can be unloaded cleanly
Result: WARN
    ---- unloading
    
    (R:45787): GLib-CRITICAL **: 12:31:04.084: g_main_loop_quit: assertion 'loop != NULL' failed
Flavor: r-devel-linux-x86_64-fedora-clang

Version: 2.27
Check: R code for possible problems
Result: NOTE
    File ‘cairoDevice/R/zzz.R’:
     .onLoad calls:
     message("R session is headless; GTK+ not initialized.")
    
    Package startup functions should use ‘packageStartupMessage’ to
     generate messages.
    See section ‘Good practice’ in '?.onAttach'.
Flavors: r-devel-linux-x86_64-fedora-clang, r-devel-linux-x86_64-fedora-gcc, r-devel-windows-ix86+x86_64, r-patched-solaris-x86, r-release-windows-ix86+x86_64, r-release-osx-x86_64, r-oldrel-windows-ix86+x86_64, r-oldrel-osx-x86_64

Version: 2.27
Check: compiled code
Result: NOTE
    File ‘cairoDevice/libs/cairoDevice.so’:
     Found non-API call to R: ‘R_CStackLimit’
    
    Compiled code should not call non-API entry points in R.
    
    See ‘Writing portable packages’ in the ‘Writing R Extensions’ manual.
Flavors: r-devel-linux-x86_64-fedora-clang, r-devel-linux-x86_64-fedora-gcc, r-patched-solaris-x86, r-release-osx-x86_64, r-oldrel-osx-x86_64

Version: 2.27
Check: whether the namespace can be unloaded cleanly
Result: WARN
    ---- unloading
    
    (R:48092): GLib-CRITICAL **: 13:56:06.107: g_main_loop_quit: assertion 'loop != NULL' failed
Flavor: r-devel-linux-x86_64-fedora-gcc