CRAN Package Check Results for Package brlrmr

Last updated on 2019-09-19 14:46:43 CEST.

Flavor Version Tinstall Tcheck Ttotal Status Flags
r-devel-linux-x86_64-debian-clang 0.1.7 2.72 22.37 25.09 OK
r-devel-linux-x86_64-debian-gcc 0.1.7 2.11 17.92 20.03 OK
r-devel-linux-x86_64-fedora-clang 0.1.7 31.09 NOTE
r-devel-linux-x86_64-fedora-gcc 0.1.7 30.35 NOTE
r-devel-windows-ix86+x86_64 0.1.7 5.00 36.00 41.00 OK
r-patched-linux-x86_64 0.1.7 2.16 22.06 24.22 OK
r-patched-solaris-x86 0.1.7 41.70 NOTE
r-release-linux-x86_64 0.1.7 2.66 22.08 24.74 OK
r-release-windows-ix86+x86_64 0.1.7 5.00 35.00 40.00 OK
r-release-osx-x86_64 0.1.7 NOTE
r-oldrel-windows-ix86+x86_64 0.1.7 4.00 33.00 37.00 OK
r-oldrel-osx-x86_64 0.1.7 NOTE

Check Details

Version: 0.1.7
Check: dependencies in R code
Result: NOTE
    Namespaces in Imports field not imported from:
     ‘Rcpp’ ‘profileModel’
     All declared Imports should be used.
Flavors: r-devel-linux-x86_64-fedora-clang, r-devel-linux-x86_64-fedora-gcc, r-patched-solaris-x86, r-release-osx-x86_64, r-oldrel-osx-x86_64