CRAN Package Check Results for Package bossMaps

Last updated on 2019-09-20 22:49:57 CEST.

Flavor Version Tinstall Tcheck Ttotal Status Flags
r-devel-linux-x86_64-debian-clang 0.1.0 9.72 221.45 231.17 OK
r-devel-linux-x86_64-debian-gcc 0.1.0 7.79 164.95 172.74 OK
r-devel-linux-x86_64-fedora-clang 0.1.0 275.33 NOTE
r-devel-linux-x86_64-fedora-gcc 0.1.0 291.08 NOTE
r-devel-windows-ix86+x86_64 0.1.0 39.00 332.00 371.00 OK
r-patched-linux-x86_64 0.1.0 10.37 228.99 239.36 OK
r-patched-solaris-x86 0.1.0 462.10 NOTE
r-release-linux-x86_64 0.1.0 9.06 225.18 234.24 OK
r-release-windows-ix86+x86_64 0.1.0 23.00 264.00 287.00 OK
r-release-osx-x86_64 0.1.0 NOTE
r-oldrel-windows-ix86+x86_64 0.1.0 12.00 270.00 282.00 OK
r-oldrel-osx-x86_64 0.1.0 NOTE

Check Details

Version: 0.1.0
Check: dependencies in R code
Result: NOTE
    Namespaces in Imports field not imported from:
     ‘rgdal’ ‘tidyr’
     All declared Imports should be used.
Flavors: r-devel-linux-x86_64-fedora-clang, r-devel-linux-x86_64-fedora-gcc, r-patched-solaris-x86, r-release-osx-x86_64, r-oldrel-osx-x86_64