CRAN Package Check Results for Package blockmodeling

Last updated on 2018-04-25 19:46:36 CEST.

Flavor Version Tinstall Tcheck Ttotal Status Flags
r-devel-linux-x86_64-debian-clang 0.3.0 12.12 80.76 92.88 OK
r-devel-linux-x86_64-debian-gcc 0.3.0 10.91 60.65 71.56 OK
r-devel-linux-x86_64-fedora-clang 0.3.0 113.44 OK
r-devel-linux-x86_64-fedora-gcc 0.3.0 108.61 OK
r-devel-windows-ix86+x86_64 0.3.0 45.00 108.00 153.00 OK
r-patched-linux-x86_64 0.3.0 13.23 76.16 89.39 OK
r-patched-solaris-x86 0.3.0 146.10 ERROR
r-release-linux-x86_64 0.3.0 13.27 77.37 90.64 OK
r-release-windows-ix86+x86_64 0.3.0 45.00 108.00 153.00 OK
r-release-osx-x86_64 0.3.0 OK
r-oldrel-windows-ix86+x86_64 0.3.0 26.00 159.00 185.00 OK
r-oldrel-osx-x86_64 0.3.0 OK

Check Details

Version: 0.3.0
Check: examples
Result: ERROR
    Running examples in ‘blockmodeling-Ex.R’ failed
    The error most likely occurred in:
    
    > ### Name: REGE
    > ### Title: REGE - Algorithms for compiting (dis)similarities in terms of
    > ### regular equivalnece.
    > ### Aliases: REGE REGE.for REGE.nm.for REGE.ow REGE.ow.for REGE.ownm.for
    > ### REGD.for REGD.ow.for REGE.FC REGE.FC.ow REGD.ne.for REGD.ow.ne.for
    > ### REGE.ne.for REGE.nm.diag.for REGE.nm.ne.for REGE.ow.ne.for
    > ### REGE.ownm.diag.for REGE.ownm.ne.for
    > ### Keywords: cluster graphs
    >
    > ### ** Examples
    >
    > n <- 20
    > net <- matrix(NA, ncol = n, nrow = n)
    > clu <- rep(1:2, times = c(5, 15))
    > tclu <- table(clu)
    > net[clu == 1, clu == 1] <- 0
    > net[clu == 1, clu == 2] <- rnorm(n = tclu[1] * tclu[2], mean = 4,sd = 1) * sample(c(0, 1),
    + size = tclu[1] * tclu[2], replace = TRUE, prob = c(3/5, 2/5))
    > net[clu == 2, clu == 1] <- 0
    > net[clu == 2, clu == 2] <- 0
    >
    > D <- REGE.for(M = net)$E #any other REGE function can be used
    > plot.mat(net, clu = cutree(hclust(d = as.dist(1 - D), method = "ward"),
    + k = 2))
    The "ward" method has been renamed to "ward.D"; note new "ward.D2"
    > #REGE returns similarities, which have to be converted to
    > #disimilarities
    >
    > res <- optRandomParC(M = net, k = 2, rep = 10, approaches = "hom", homFun = "ss", blocks = "reg")
    
    
    Starting optimization of the partiton 1 of 10 partitions.
    Starting partition: 2 1 2 2 2 2 2 2 2 1 1 2 1 1 1 1 1 2 2 2
    
     *** caught segfault ***
    address b36150, cause 'memory not mapped'
    
    Traceback:
     1: optParC(M = M, clu = temppar, useMulti = useMulti, save.initial.param = save.initial.param.opt, ...)
     2: optRandomParC(M = net, k = 2, rep = 10, approaches = "hom", homFun = "ss", blocks = "reg")
    An irrecoverable exception occurred. R is aborting now ...
Flavor: r-patched-solaris-x86