CRAN Package Check Results for Package blockRAR

Last updated on 2020-01-22 15:48:56 CET.

Flavor Version Tinstall Tcheck Ttotal Status Flags
r-devel-linux-x86_64-debian-clang 1.0.2 9.85 135.52 145.37 OK
r-devel-linux-x86_64-debian-gcc 1.0.2 8.67 99.81 108.48 OK
r-devel-linux-x86_64-fedora-clang 1.0.2 184.17 OK
r-devel-linux-x86_64-fedora-gcc 1.0.2 172.29 OK
r-devel-windows-ix86+x86_64 1.0.1 32.00 160.00 192.00 OK
r-devel-windows-ix86+x86_64-gcc8 1.0.1 37.00 156.00 193.00 OK
r-patched-linux-x86_64 1.0.1 10.90 87.28 98.18 OK
r-patched-solaris-x86 1.0.2 245.10 OK
r-release-linux-x86_64 1.0.1 9.98 87.87 97.85 OK
r-release-windows-ix86+x86_64 1.0.1 21.00 104.00 125.00 OK
r-release-osx-x86_64 1.0.1 OK
r-oldrel-windows-ix86+x86_64 1.0.2 18.00 201.00 219.00 ERROR
r-oldrel-osx-x86_64 1.0.1 OK

Check Details

Version: 1.0.2
Check: tests
Result: ERROR
     Running 'testthat.R' [72s]
    Running the tests in 'tests/testthat.R' failed.
    Complete output:
     > library(testthat)
     > test_check("blockRAR")
     Loading required package: blockRAR
     -- 1. Failure: the binomial frequentist RAR output is (@test_binomialfreq.R#10)
     ...$NULL not equal to 1.
     1/1 mismatches
     [1] 0.8 - 1 == -0.2
    
     -- 2. Failure: the binomial frequentist RAR output is (@test_binomialfreq.R#23)
     ...$NULL not equal to 0.
     1/1 mismatches
     [1] 0.1 - 0 == 0.1
    
     == testthat results ===========================================================
     [ OK: 50 | SKIPPED: 0 | WARNINGS: 1021 | FAILED: 2 ]
     1. Failure: the binomial frequentist RAR output is (@test_binomialfreq.R#10)
     2. Failure: the binomial frequentist RAR output is (@test_binomialfreq.R#23)
    
     Error: testthat unit tests failed
     Execution halted
Flavor: r-oldrel-windows-ix86+x86_64