CRAN Package Check Results for Package biscale

Last updated on 2019-11-18 04:46:24 CET.

Flavor Version Tinstall Tcheck Ttotal Status Flags
r-devel-linux-x86_64-debian-clang 0.1.2 5.34 52.45 57.79 OK
r-devel-linux-x86_64-debian-gcc 0.1.2 4.87 41.49 46.36 OK
r-devel-linux-x86_64-fedora-clang 0.1.2 68.26 OK
r-devel-linux-x86_64-fedora-gcc 0.1.2 65.89 OK
r-devel-windows-ix86+x86_64 0.1.2 26.00 96.00 122.00 OK
r-patched-linux-x86_64 0.1.2 4.86 47.45 52.31 OK
r-patched-solaris-x86 0.1.2 112.20 NOTE
r-release-linux-x86_64 0.1.2 5.30 47.14 52.44 OK
r-release-windows-ix86+x86_64 0.1.2 10.00 99.00 109.00 OK
r-release-osx-x86_64 0.1.2 OK
r-oldrel-windows-ix86+x86_64 0.1.2 8.00 66.00 74.00 OK
r-oldrel-osx-x86_64 0.1.2 OK

Check Details

Version: 0.1.2
Check: installed package size
Result: NOTE
     installed size is 5.2Mb
     sub-directories of 1Mb or more:
     doc 2.6Mb
     help 2.2Mb
Flavor: r-patched-solaris-x86