CRAN Package Check Results for Package biscale

Last updated on 2019-09-19 16:47:54 CEST.

Flavor Version Tinstall Tcheck Ttotal Status Flags
r-devel-linux-x86_64-debian-clang 0.1.2 5.19 46.07 51.26 OK
r-devel-linux-x86_64-debian-gcc 0.1.2 4.16 36.53 40.69 OK
r-devel-linux-x86_64-fedora-clang 0.1.2 67.32 OK
r-devel-linux-x86_64-fedora-gcc 0.1.2 64.66 OK
r-devel-windows-ix86+x86_64 0.1.2 29.00 105.00 134.00 OK
r-patched-linux-x86_64 0.1.2 4.30 44.50 48.80 OK
r-patched-solaris-x86 0.1.2 95.20 NOTE
r-release-linux-x86_64 0.1.2 4.60 44.75 49.35 OK
r-release-windows-ix86+x86_64 0.1.2 13.00 66.00 79.00 OK
r-release-osx-x86_64 0.1.2 OK
r-oldrel-windows-ix86+x86_64 0.1.2 7.00 64.00 71.00 OK
r-oldrel-osx-x86_64 0.1.2 OK

Check Details

Version: 0.1.2
Check: installed package size
Result: NOTE
     installed size is 5.2Mb
     sub-directories of 1Mb or more:
     doc 2.6Mb
     help 2.2Mb
Flavor: r-patched-solaris-x86