CRAN Package Check Results for Package biplotbootGUI

Last updated on 2017-12-15 17:50:21 CET.

Flavor Version Tinstall Tcheck Ttotal Status Flags
r-devel-linux-x86_64-debian-clang 1.1 2.29 59.29 61.58 NOTE
r-devel-linux-x86_64-debian-gcc 1.1 2.01 47.57 49.58 NOTE
r-devel-linux-x86_64-fedora-clang 1.1 68.03 NOTE
r-devel-linux-x86_64-fedora-gcc 1.1 68.18 NOTE
r-devel-windows-ix86+x86_64 1.1 9.00 62.00 71.00 NOTE
r-patched-linux-x86_64 1.1 2.28 59.97 62.25 NOTE
r-patched-solaris-x86 1.1 102.80 NOTE
r-release-linux-x86_64 1.1 2.52 60.08 62.60 NOTE
r-release-windows-ix86+x86_64 1.1 9.00 84.00 93.00 NOTE
r-release-osx-x86_64 1.1 NOTE
r-oldrel-windows-ix86+x86_64 1.1 13.00 49.00 62.00 NOTE
r-oldrel-osx-x86_64 1.1 FAIL

Check Details

Version: 1.1
Check: R code for possible problems
Result: NOTE
    CDBiplot : cbiplotint: no visible global function definition for ‘var’
    CDBiplot : cbiplotint: no visible global function definition for
     ‘write.table’
    CDBiplot : dbiplotint: no visible global function definition for ‘var’
    CDBiplot : dbiplotint: no visible global function definition for ‘cor’
    CDBiplot : dbiplotint: no visible global function definition for
     ‘write.table’
    CDBiplot : cdbiplotint: no visible global function definition for ‘var’
    CDBiplot : cdbiplotint: no visible global function definition for ‘cor’
    CDBiplot : cdbiplotint: no visible global function definition for
     ‘write.table’
    CDBiplot : OnOKtipo : OnOK : SaveFileJPG: no visible global function
     definition for ‘jpeg’
    CDBiplot : OnOKtipo : OnOK : SaveFileJPG: no visible global function
     definition for ‘dev.off’
    CDBiplot : OnOKtipo : OnOK : SaveFilePDF: no visible global function
     definition for ‘pdf’
    CDBiplot : OnOKtipo : OnOK : SaveFilePDF: no visible global function
     definition for ‘dev.off’
    CDBiplot : OnOKtipo : OnOK : SaveFileeps: no visible global function
     definition for ‘postscript’
    CDBiplot : OnOKtipo : OnOK : SaveFileeps: no visible global function
     definition for ‘dev.off’
    CDBiplot : OnOKtipo : OnOK : SaveFilePng: no visible global function
     definition for ‘png’
    CDBiplot : OnOKtipo : OnOK : SaveFilePng: no visible global function
     definition for ‘dev.off’
    CDBiplot : OnOKtipo : OnOK : plotFunction: no visible global function
     definition for ‘plot’
    CDBiplot : OnOKtipo : OnOK : plotFunction: no visible global function
     definition for ‘abline’
    CDBiplot : OnOKtipo : OnOK : plotFunction: no visible global function
     definition for ‘chull’
    CDBiplot : OnOKtipo : OnOK : plotFunction: no visible global function
     definition for ‘polygon’
    CDBiplot : OnOKtipo : OnOK : plotFunction: no visible global function
     definition for ‘points’
    CDBiplot : OnOKtipo : OnOK : plotFunction: no visible global function
     definition for ‘arrows’
    CDBiplot : OnOKtipo : OnOK : plotFunction: no visible global function
     definition for ‘text’
    CDBiplot : OnOKtipo : OnOK : plotFunction: no visible global function
     definition for ‘par’
    biplotboot : transforma : <anonymous>: no visible global function
     definition for ‘var’
    biplotboot : cal.ic: no visible global function definition for ‘sd’
    biplotboot : cal.ic: no visible global function definition for ‘qt’
    biplotboot : cal.ic: no visible global function definition for
     ‘quantile’
    biplotboot : cal.ic: no visible global function definition for ‘qnorm’
    biplotboot : cal.ic: no visible global function definition for ‘pnorm’
    biplotboot: no visible global function definition for ‘na.omit’
    biplotboot : OnOKinf : Graphics : plotbar: no visible global function
     definition for ‘barplot’
    biplotboot : OnOKinf : Graphics : Onaxis: no visible global function
     definition for ‘write.table’
    biplotboot : OnOKinf : Graphics : Onaxis : normalLine: no visible
     global function definition for ‘abline’
    biplotboot : OnOKinf : Graphics : Onaxis : normalLine: no visible
     global function definition for ‘segments’
    biplotboot : OnOKinf : Graphics : Onaxis : plotFunctiond: no visible
     global function definition for ‘par’
    biplotboot : OnOKinf : Graphics : Onaxis : plotFunctiond: no visible
     global function definition for ‘plot’
    biplotboot : OnOKinf : Graphics : Onaxis : plotFunctiond: no visible
     global function definition for ‘points’
    biplotboot : OnOKinf : Graphics : Onaxis : plotFunctiond: no visible
     global function definition for ‘text’
    biplotboot : OnOKinf : Graphics : Onaxis : plotFunctiond: no visible
     global function definition for ‘chull’
    biplotboot : OnOKinf : Graphics : Onaxis : plotFunctiond: no visible
     global function definition for ‘lines’
    biplotboot : OnOKinf : Graphics : Onaxis : plotFunctiond: no visible
     global function definition for ‘arrows’
    biplotboot : OnOKinf : Graphics : Onaxis : plotFunctiond: no visible
     global function definition for ‘abline’
    biplotboot : OnOKinf : Graphics : Onaxis : SaveFileJPG: no visible
     global function definition for ‘jpeg’
    biplotboot : OnOKinf : Graphics : Onaxis : SaveFileJPG: no visible
     global function definition for ‘dev.off’
    biplotboot : OnOKinf : Graphics : Onaxis : SaveFilePDF: no visible
     global function definition for ‘pdf’
    biplotboot : OnOKinf : Graphics : Onaxis : SaveFilePDF: no visible
     global function definition for ‘dev.off’
    biplotboot : OnOKinf : Graphics : Onaxis : SaveFileBmp: no visible
     global function definition for ‘bmp’
    biplotboot : OnOKinf : Graphics : Onaxis : SaveFileBmp: no visible
     global function definition for ‘dev.off’
    biplotboot : OnOKinf : Graphics : Onaxis : SaveFilePng: no visible
     global function definition for ‘png’
    biplotboot : OnOKinf : Graphics : Onaxis : SaveFilePng: no visible
     global function definition for ‘dev.off’
    biplotboot : OnOKinf : Graphics : Onaxis : SaveFileeps: no visible
     global function definition for ‘postscript’
    biplotboot : OnOKinf : Graphics : Onaxis : SaveFileeps: no visible
     global function definition for ‘dev.off’
    biplotboot : OnOKinf : Graphics : Onaxis : clusterbip : OnOKclust: no
     visible global function definition for ‘hclust’
    biplotboot : OnOKinf : Graphics : Onaxis : clusterbip : OnOKclust: no
     visible global function definition for ‘dist’
    biplotboot : OnOKinf : Graphics : Onaxis : clusterbip : OnOKclust: no
     visible global function definition for ‘cutree’
    biplotboot : OnOKinf : Graphics : Onaxis : clusterbip : OnOKclust: no
     visible global function definition for ‘plot’
    biplotboot : OnOKinf : Graphics : Onaxis : clusterbip : OnOKclust: no
     visible global function definition for ‘kmeans’
    biplotboot : OnOKinf : Graphics : Onaxis: no visible global function
     definition for ‘plot’
    biplotboot : OnOKinf : Graphics : Onaxis: no visible global function
     definition for ‘points’
    biplotboot : OnOKinf : Graphics : Onaxis: no visible global function
     definition for ‘abline’
    biplotboot : OnOKinf : Graphics : Onaxis: no visible global function
     definition for ‘chull’
    biplotboot : OnOKinf : Graphics : Onaxis: no visible global function
     definition for ‘lines’
    biplotboot : OnOKinf : Graphics : Onaxis: no visible global function
     definition for ‘text’
    biplotboot : OnOKinf : Graphics : Onaxis: no visible global function
     definition for ‘pdf’
    biplotboot : OnOKinf : Graphics : Onaxis: no visible global function
     definition for ‘par’
    biplotboot : OnOKinf : Graphics : Onaxis: no visible global function
     definition for ‘hist’
    biplotboot : OnOKinf : Graphics : Onaxis: no visible global function
     definition for ‘qqnorm’
    biplotboot : OnOKinf : Graphics : Onaxis: no visible global function
     definition for ‘dev.off’
    biplotboot : OnOKinf : Graphics : Onaxis: no visible global function
     definition for ‘postscript’
    Undefined global functions or variables:
     abline arrows barplot bmp chull cor cutree dev.off dist hclust hist
     jpeg kmeans lines na.omit par pdf plot png pnorm points polygon
     postscript qnorm qqnorm qt quantile sd segments text var write.table
    Consider adding
     importFrom("grDevices", "bmp", "chull", "dev.off", "jpeg", "pdf",
     "png", "postscript")
     importFrom("graphics", "abline", "arrows", "barplot", "hist", "lines",
     "par", "plot", "points", "polygon", "segments", "text")
     importFrom("stats", "cor", "cutree", "dist", "hclust", "kmeans",
     "na.omit", "pnorm", "qnorm", "qqnorm", "qt", "quantile",
     "sd", "var")
     importFrom("utils", "write.table")
    to your NAMESPACE file.
Flavors: r-devel-linux-x86_64-debian-clang, r-devel-linux-x86_64-debian-gcc, r-devel-linux-x86_64-fedora-clang, r-devel-linux-x86_64-fedora-gcc, r-devel-windows-ix86+x86_64, r-patched-linux-x86_64, r-patched-solaris-x86, r-release-linux-x86_64, r-release-windows-ix86+x86_64, r-release-osx-x86_64, r-oldrel-windows-ix86+x86_64

Version: 1.1
Check: whether package can be installed
Result: FAIL
    
Flavor: r-oldrel-osx-x86_64