CRAN Package Check Results for Package betareg

Last updated on 2019-09-19 16:47:54 CEST.

Flavor Version Tinstall Tcheck Ttotal Status Flags
r-devel-linux-x86_64-debian-clang 3.1-2 12.23 153.56 165.79 NOTE
r-devel-linux-x86_64-debian-gcc 3.1-2 9.59 116.51 126.10 NOTE
r-devel-linux-x86_64-fedora-clang 3.1-2 193.34 NOTE
r-devel-linux-x86_64-fedora-gcc 3.1-2 191.83 NOTE
r-devel-windows-ix86+x86_64 3.1-2 27.00 187.00 214.00 NOTE
r-patched-linux-x86_64 3.1-2 11.95 151.20 163.15 NOTE
r-patched-solaris-x86 3.1-2 271.60 NOTE
r-release-linux-x86_64 3.1-2 11.38 151.57 162.95 NOTE
r-release-windows-ix86+x86_64 3.1-2 16.00 172.00 188.00 NOTE
r-release-osx-x86_64 3.1-2 OK
r-oldrel-windows-ix86+x86_64 3.1-2 13.00 161.00 174.00 OK
r-oldrel-osx-x86_64 3.1-2 OK

Check Details

Version: 3.1-2
Check: running R code from vignettes
Result: NOTE
     'betareg-ext.Rnw'... [13s/15s] NOTE
    differences from 'betareg-ext.Rout.save'
    176c176
    < | 0.38093218 -0.08622808 4.80766206
    ---
    > | 0.38093218 -0.08622808 4.80766205
     'betareg.Rnw'... [6s/7s] OK
Flavor: r-devel-linux-x86_64-debian-clang

Version: 3.1-2
Check: running R code from vignettes
Result: NOTE
     ‘betareg-ext.Rnw’... [10s/14s] NOTE
    differences from ‘betareg-ext.Rout.save’
    176c176
    < | 0.38093218 -0.08622808 4.80766206
    ---
    > | 0.38093218 -0.08622808 4.80766205
     ‘betareg.Rnw’... [4s/6s] OK
Flavor: r-devel-linux-x86_64-debian-gcc

Version: 3.1-2
Check: running R code from vignettes
Result: NOTE
     ‘betareg-ext.Rnw’... [15s/19s] NOTE
    differences from ‘betareg-ext.Rout.save’
    176c176
    < | 0.38093218 -0.08622808 4.80766206
    ---
    > | 0.38093218 -0.08622808 4.80766205
     ‘betareg.Rnw’... OK
Flavor: r-devel-linux-x86_64-fedora-clang

Version: 3.1-2
Check: running R code from vignettes
Result: NOTE
     ‘betareg-ext.Rnw’... [15s/18s] NOTE
    differences from ‘betareg-ext.Rout.save’
    176c176
    < | 0.38093218 -0.08622808 4.80766206
    ---
    > | 0.38093218 -0.08622808 4.80766205
     ‘betareg.Rnw’... OK
Flavor: r-devel-linux-x86_64-fedora-gcc

Version: 3.1-2
Check: running R code from vignettes
Result: NOTE
     'betareg-ext.Rnw'... [13s] NOTE
    differences from 'betareg-ext.Rout.save'
    176c176
    < | 0.38093218 -0.08622808 4.80766206
    ---
    > | 0.38093218 -0.08622808 4.80766205
     'betareg.Rnw'... [6s] OK
Flavor: r-devel-windows-ix86+x86_64

Version: 3.1-2
Check: running R code from vignettes
Result: NOTE
     ‘betareg-ext.Rnw’... [13s/14s] NOTE
    differences from ‘betareg-ext.Rout.save’
    176c176
    < | 0.38093218 -0.08622808 4.80766206
    ---
    > | 0.38093218 -0.08622808 4.80766205
     ‘betareg.Rnw’... [5s/6s] OK
Flavors: r-patched-linux-x86_64, r-release-linux-x86_64

Version: 3.1-2
Check: running R code from vignettes
Result: NOTE
     ‘betareg-ext.Rnw’... [21s/42s] NOTE
    differences from ‘betareg-ext.Rout.save’
    176c176
    < | 0.38093218 -0.08622808 4.80766206
    ---
    > | 0.38093218 -0.08622808 4.80766205
     ‘betareg.Rnw’... [9s/24s] OK
Flavor: r-patched-solaris-x86

Version: 3.1-2
Check: running R code from vignettes
Result: NOTE
     'betareg-ext.Rnw'... [16s] NOTE
    differences from 'betareg-ext.Rout.save'
    176c176
    < | 0.38093218 -0.08622808 4.80766206
    ---
    > | 0.38093218 -0.08622808 4.80766205
     'betareg.Rnw'... [6s] OK
Flavor: r-release-windows-ix86+x86_64