CRAN Package Check Results for Package bclust

Last updated on 2018-10-20 10:48:34 CEST.

Flavor Version Tinstall Tcheck Ttotal Status Flags
r-devel-linux-x86_64-debian-clang 1.5 6.61 31.41 38.02 OK
r-devel-linux-x86_64-debian-gcc 1.5 4.36 25.23 29.59 OK
r-devel-linux-x86_64-fedora-clang 1.5 46.50 NOTE
r-devel-linux-x86_64-fedora-gcc 1.5 43.28 NOTE
r-devel-windows-ix86+x86_64 1.5 18.00 72.00 90.00 OK
r-patched-linux-x86_64 1.5 4.66 29.06 33.72 OK
r-patched-solaris-x86 1.5 63.00 OK
r-release-linux-x86_64 1.5 5.05 27.93 32.98 OK
r-release-windows-ix86+x86_64 1.5 19.00 53.00 72.00 OK
r-release-osx-x86_64 1.5 OK
r-oldrel-windows-ix86+x86_64 1.5 12.00 55.00 67.00 OK
r-oldrel-osx-x86_64 1.5 OK

Check Details

Version: 1.5
Check: compiled code
Result: NOTE
    File ‘bclust/libs/bclust.so’:
     Found no calls to: ‘R_registerRoutines’, ‘R_useDynamicSymbols’
    
    It is good practice to register native routines and to disable symbol
    search.
    
    See ‘Writing portable packages’ in the ‘Writing R Extensions’ manual.
Flavors: r-devel-linux-x86_64-fedora-clang, r-devel-linux-x86_64-fedora-gcc