CRAN Package Check Results for Package bayesm

Last updated on 2017-12-12 16:46:13 CET.

Flavor Version Tinstall Tcheck Ttotal Status Flags
r-devel-linux-x86_64-debian-clang 3.1-0.1 396.66 447.57 844.23 OK
r-devel-linux-x86_64-debian-gcc 3.1-0.1 355.44 316.38 671.82 OK
r-devel-linux-x86_64-fedora-clang 3.1-0.1 1168.69 NOTE
r-devel-linux-x86_64-fedora-gcc 3.1-0.1 1117.11 NOTE
r-devel-windows-ix86+x86_64 3.1-0.1 1184.00 449.00 1633.00 NOTE
r-patched-linux-x86_64 3.1-0.1 426.96 441.97 868.93 OK
r-patched-solaris-x86 3.1-0.1 1310.30 NOTE
r-release-linux-x86_64 3.1-0.1 428.62 440.44 869.06 OK
r-release-windows-ix86+x86_64 3.1-0.1 822.00 489.00 1311.00 NOTE
r-release-osx-x86_64 3.1-0.1 NOTE
r-oldrel-windows-ix86+x86_64 3.1-0.1 1084.00 422.00 1506.00 NOTE
r-oldrel-osx-x86_64 3.1-0.1 NOTE

Additional issues

valgrind

Check Details

Version: 3.1-0.1
Check: installed package size
Result: NOTE
     installed size is 28.2Mb
     sub-directories of 1Mb or more:
     doc 3.2Mb
     libs 23.5Mb
Flavors: r-devel-linux-x86_64-fedora-clang, r-devel-linux-x86_64-fedora-gcc, r-devel-windows-ix86+x86_64, r-patched-solaris-x86, r-release-windows-ix86+x86_64, r-release-osx-x86_64, r-oldrel-windows-ix86+x86_64, r-oldrel-osx-x86_64