CRAN Package Check Results for Package bayesm

Last updated on 2018-05-21 00:49:45 CEST.

Flavor Version Tinstall Tcheck Ttotal Status Flags
r-devel-linux-x86_64-debian-clang 3.1-0.1 482.85 367.76 850.61 OK
r-devel-linux-x86_64-debian-gcc 3.1-0.1 405.09 308.57 713.66 OK
r-devel-linux-x86_64-fedora-clang 3.1-0.1 1298.63 NOTE
r-devel-linux-x86_64-fedora-gcc 3.1-0.1 1223.97 NOTE
r-devel-windows-ix86+x86_64 3.1-0.1 1161.00 472.00 1633.00 NOTE
r-patched-linux-x86_64 3.1-0.1 514.58 500.71 1015.29 OK
r-patched-solaris-x86 3.1-0.1 1540.10 NOTE
r-release-linux-x86_64 3.1-0.1 490.65 411.86 902.51 OK
r-release-windows-ix86+x86_64 3.1-0.1 841.00 519.00 1360.00 NOTE
r-release-osx-x86_64 3.1-0.1 FAIL
r-oldrel-windows-ix86+x86_64 3.1-0.1 856.00 463.00 1319.00 NOTE
r-oldrel-osx-x86_64 3.1-0.1 NOTE

Check Details

Version: 3.1-0.1
Check: installed package size
Result: NOTE
     installed size is 29.2Mb
     sub-directories of 1Mb or more:
     doc 3.2Mb
     libs 24.4Mb
Flavors: r-devel-linux-x86_64-fedora-clang, r-devel-linux-x86_64-fedora-gcc, r-devel-windows-ix86+x86_64, r-patched-solaris-x86, r-release-windows-ix86+x86_64, r-release-osx-x86_64, r-oldrel-windows-ix86+x86_64, r-oldrel-osx-x86_64

Version: 3.1-0.1
Check: re-building of vignette outputs
Result: FAIL
    
Flavor: r-release-osx-x86_64