CRAN Package Check Results for Package ashr

Last updated on 2019-09-24 10:51:15 CEST.

Flavor Version Tinstall Tcheck Ttotal Status Flags
r-devel-linux-x86_64-debian-clang 2.2-32 24.24 108.27 132.51 OK
r-devel-linux-x86_64-debian-gcc 2.2-32 21.94 106.57 128.51 OK
r-devel-linux-x86_64-fedora-clang 2.2-32 164.63 OK
r-devel-linux-x86_64-fedora-gcc 2.2-32 163.10 OK
r-devel-windows-ix86+x86_64 2.2-32 66.00 224.00 290.00 OK
r-patched-linux-x86_64 2.2-32 24.82 115.76 140.58 OK
r-patched-solaris-x86 2.2-32 213.90 NOTE
r-release-linux-x86_64 2.2-32 24.04 115.97 140.01 OK
r-release-windows-ix86+x86_64 2.2-32 65.00 237.00 302.00 NOTE
r-release-osx-x86_64 2.2-32 OK
r-oldrel-windows-ix86+x86_64 2.2-32 39.00 176.00 215.00 NOTE
r-oldrel-osx-x86_64 2.2-32 NOTE

Check Details

Version: 2.2-32
Check: package dependencies
Result: NOTE
    Package suggested but not available for checking: ‘REBayes’
Flavors: r-patched-solaris-x86, r-release-windows-ix86+x86_64, r-oldrel-windows-ix86+x86_64, r-oldrel-osx-x86_64