CRAN Package Check Results for Package arulesViz

Last updated on 2019-08-19 11:48:57 CEST.

Flavor Version Tinstall Tcheck Ttotal Status Flags
r-devel-linux-x86_64-debian-clang 1.3-3 14.69 125.26 139.95 OK
r-devel-linux-x86_64-debian-gcc 1.3-3 11.63 96.30 107.93 OK
r-devel-linux-x86_64-fedora-clang 1.3-3 163.56 OK
r-devel-linux-x86_64-fedora-gcc 1.3-3 162.42 OK
r-devel-windows-ix86+x86_64 1.3-3 38.00 188.00 226.00 OK
r-patched-linux-x86_64 1.3-3 12.69 120.22 132.91 OK
r-patched-solaris-x86 1.3-3 235.50 OK
r-release-linux-x86_64 1.3-3 11.83 120.21 132.04 OK
r-release-windows-ix86+x86_64 1.3-3 73.00 139.00 212.00 OK
r-release-osx-x86_64 1.3-3 NOTE
r-oldrel-windows-ix86+x86_64 1.3-3 27.00 193.00 220.00 OK
r-oldrel-osx-x86_64 1.3-3 OK

Check Details

Version: 1.3-3
Check: package dependencies
Result: NOTE
    Packages suggested but not available for checking: 'graph', 'Rgraphviz'
Flavor: r-release-osx-x86_64