CRAN Package Check Results for Package aroma.apd

Last updated on 2019-09-21 08:50:05 CEST.

Flavor Version Tinstall Tcheck Ttotal Status Flags
r-devel-linux-x86_64-debian-clang 0.6.0 3.21 29.72 32.93 OK
r-devel-linux-x86_64-debian-gcc 0.6.0 2.78 24.57 27.35 OK
r-devel-linux-x86_64-fedora-clang 0.6.0 41.61 OK
r-devel-linux-x86_64-fedora-gcc 0.6.0 41.00 OK
r-devel-windows-ix86+x86_64 0.6.0 11.00 52.00 63.00 OK
r-patched-linux-x86_64 0.6.0 3.30 29.89 33.19 OK
r-patched-solaris-x86 0.6.0 68.00 OK
r-release-linux-x86_64 0.6.0 3.10 30.26 33.36 OK
r-release-windows-ix86+x86_64 0.6.0 6.00 48.00 54.00 OK
r-release-osx-x86_64 0.6.0 NOTE
r-oldrel-windows-ix86+x86_64 0.6.0 5.00 68.00 73.00 OK
r-oldrel-osx-x86_64 0.6.0 OK

Check Details

Version: 0.6.0
Check: package dependencies
Result: NOTE
    Package suggested but not available for checking: ‘affxparser’
Flavor: r-release-osx-x86_64

Version: 0.6.0
Check: Rd cross-references
Result: NOTE
    Package unavailable to check Rd xrefs: ‘affxparser’
Flavor: r-release-osx-x86_64