CRAN Package Check Results for Package arnie

Last updated on 2019-09-22 17:49:08 CEST.

Flavor Version Tinstall Tcheck Ttotal Status Flags
r-devel-linux-x86_64-debian-clang 0.1.2 1.55 15.64 17.19 NOTE
r-devel-linux-x86_64-debian-gcc 0.1.2 1.22 12.98 14.20 NOTE
r-devel-linux-x86_64-fedora-clang 0.1.2 21.98 NOTE
r-devel-linux-x86_64-fedora-gcc 0.1.2 21.28 NOTE
r-devel-windows-ix86+x86_64 0.1.2 8.00 40.00 48.00 NOTE
r-patched-linux-x86_64 0.1.2 1.35 15.53 16.88 NOTE
r-patched-solaris-x86 0.1.2 37.00 NOTE
r-release-linux-x86_64 0.1.2 1.13 15.56 16.69 NOTE
r-release-windows-ix86+x86_64 0.1.2 3.00 38.00 41.00 NOTE
r-release-osx-x86_64 0.1.2 NOTE
r-oldrel-windows-ix86+x86_64 0.1.2 2.00 25.00 27.00 NOTE
r-oldrel-osx-x86_64 0.1.2 NOTE

Check Details

Version: 0.1.2
Check: DESCRIPTION meta-information
Result: NOTE
    Malformed Description field: should contain one or more complete sentences.
Flavors: r-devel-linux-x86_64-debian-clang, r-devel-linux-x86_64-debian-gcc, r-devel-linux-x86_64-fedora-clang, r-devel-linux-x86_64-fedora-gcc, r-devel-windows-ix86+x86_64, r-patched-linux-x86_64, r-patched-solaris-x86, r-release-linux-x86_64, r-release-windows-ix86+x86_64, r-release-osx-x86_64, r-oldrel-windows-ix86+x86_64, r-oldrel-osx-x86_64