CRAN Package Check Results for Package arkdb

Last updated on 2019-09-19 14:46:41 CEST.

Flavor Version Tinstall Tcheck Ttotal Status Flags
r-devel-linux-x86_64-debian-clang 0.0.5 2.71 209.31 212.02 NOTE
r-devel-linux-x86_64-debian-gcc 0.0.5 2.28 168.87 171.15 NOTE
r-devel-linux-x86_64-fedora-clang 0.0.5 264.32 NOTE
r-devel-linux-x86_64-fedora-gcc 0.0.5 270.53 NOTE
r-devel-windows-ix86+x86_64 0.0.5 12.00 286.00 298.00 OK
r-patched-linux-x86_64 0.0.5 2.94 211.69 214.63 NOTE
r-patched-solaris-x86 0.0.5 365.40 NOTE
r-release-linux-x86_64 0.0.5 2.80 215.79 218.59 NOTE
r-release-windows-ix86+x86_64 0.0.5 7.00 263.00 270.00 OK
r-release-osx-x86_64 0.0.5 OK
r-oldrel-windows-ix86+x86_64 0.0.5 4.00 261.00 265.00 OK
r-oldrel-osx-x86_64 0.0.5 OK

Check Details

Version: 0.0.5
Check: package dependencies
Result: NOTE
    Package suggested but not available for checking: 'MonetDBLite'
Flavors: r-devel-linux-x86_64-debian-clang, r-devel-linux-x86_64-debian-gcc, r-devel-linux-x86_64-fedora-clang, r-devel-linux-x86_64-fedora-gcc, r-patched-linux-x86_64, r-patched-solaris-x86, r-release-linux-x86_64