CRAN Package Check Results for Package aqp

Last updated on 2019-09-20 01:47:39 CEST.

Flavor Version Tinstall Tcheck Ttotal Status Flags
r-devel-linux-x86_64-debian-clang 1.17 16.33 155.22 171.55 OK
r-devel-linux-x86_64-debian-gcc 1.17 14.14 121.82 135.96 OK
r-devel-linux-x86_64-fedora-clang 1.17 222.75 NOTE
r-devel-linux-x86_64-fedora-gcc 1.17 203.37 NOTE
r-devel-windows-ix86+x86_64 1.17 43.00 250.00 293.00 OK
r-patched-linux-x86_64 1.17 13.58 152.89 166.47 OK
r-patched-solaris-x86 1.17 291.20 NOTE
r-release-linux-x86_64 1.17 14.88 153.88 168.76 OK
r-release-windows-ix86+x86_64 1.17 31.00 168.00 199.00 OK
r-release-osx-x86_64 1.17 NOTE
r-oldrel-windows-ix86+x86_64 1.17 20.00 160.00 180.00 OK
r-oldrel-osx-x86_64 1.17 NOTE

Check Details

Version: 1.17
Check: data for non-ASCII characters
Result: NOTE
     Note: found 1 marked Latin-1 string
Flavors: r-devel-linux-x86_64-fedora-clang, r-devel-linux-x86_64-fedora-gcc, r-patched-solaris-x86, r-release-osx-x86_64, r-oldrel-osx-x86_64