CRAN Package Check Results for Package apollo

Last updated on 2019-09-19 14:46:41 CEST.

Flavor Version Tinstall Tcheck Ttotal Status Flags
r-devel-linux-x86_64-debian-clang 0.0.8 50.38 121.10 171.48 NOTE
r-devel-linux-x86_64-debian-gcc 0.0.8 39.76 96.89 136.65 NOTE
r-devel-linux-x86_64-fedora-clang 0.0.8 224.23 OK
r-devel-linux-x86_64-fedora-gcc 0.0.8 221.40 OK
r-devel-windows-ix86+x86_64 0.0.8 98.00 152.00 250.00 OK
r-patched-linux-x86_64 0.0.8 47.58 122.50 170.08 NOTE
r-patched-solaris-x86 0.0.8 268.70 OK
r-release-linux-x86_64 0.0.8 47.32 123.93 171.25 NOTE
r-release-windows-ix86+x86_64 0.0.8 98.00 148.00 246.00 OK
r-release-osx-x86_64 0.0.8 OK
r-oldrel-windows-ix86+x86_64 0.0.8 84.00 144.00 228.00 OK
r-oldrel-osx-x86_64 0.0.8 OK

Check Details

Version: 0.0.8
Check: R code for possible problems
Result: NOTE
    Found the following calls to attach():
    File 'apollo/R/apollo_attach.R':
     attach(as.list(apollo_beta))
     attach(database)
     attach(draws)
     attach(randcoeff)
     attach(lcpars)
    See section 'Good practice' in '?attach'.
Flavors: r-devel-linux-x86_64-debian-clang, r-devel-linux-x86_64-debian-gcc, r-patched-linux-x86_64, r-release-linux-x86_64