CRAN Package Check Results for Package apcluster

Last updated on 2017-12-13 16:48:01 CET.

Flavor Version Tinstall Tcheck Ttotal Status Flags
r-devel-linux-x86_64-debian-clang 1.4.4 33.81 113.10 146.91 OK
r-devel-linux-x86_64-debian-gcc 1.4.4 32.33 88.67 121.00 OK
r-devel-linux-x86_64-fedora-clang 1.4.4 199.43 OK
r-devel-linux-x86_64-fedora-gcc 1.4.4 192.84 OK
r-devel-windows-ix86+x86_64 1.4.4 112.00 167.00 279.00 OK
r-patched-linux-x86_64 1.4.4 39.22 117.40 156.62 OK
r-patched-solaris-x86 1.4.4 205.80 WARN
r-release-linux-x86_64 1.4.4 39.43 118.99 158.42 OK
r-release-windows-ix86+x86_64 1.4.4 86.00 215.00 301.00 OK
r-release-osx-x86_64 1.4.4 ERROR
r-oldrel-windows-ix86+x86_64 1.4.4 86.00 194.00 280.00 OK
r-oldrel-osx-x86_64 1.4.4 OK

Check Details

Version: 1.4.4
Check: package dependencies
Result: NOTE
    Package suggested but not available for checking: ‘kebabs’
Flavor: r-patched-solaris-x86

Version: 1.4.4
Check: re-building of vignette outputs
Result: WARN
    Error in re-building vignettes:
     ...
    Quitting from lines 31-44 (apcluster.Rnw)
    Error: processing vignette 'apcluster.Rnw' failed with diagnostics:
    there is no package called 'kebabs'
    Execution halted
Flavors: r-patched-solaris-x86, r-release-osx-x86_64

Version: 1.4.4
Check: package dependencies
Result: NOTE
    Packages suggested but not available for checking: ‘Biostrings’ ‘kebabs’
Flavor: r-release-osx-x86_64

Version: 1.4.4
Check: examples
Result: ERROR
    Running examples in ‘apcluster-Ex.R’ failed
    The error most likely occurred in:
    
    > ### Name: ch22Promoters
    > ### Title: ch22Promoters Data Set
    > ### Aliases: ch22Promoters
    > ### Keywords: datasets
    >
    > ### ** Examples
    >
    > ## load Biostrings package
    > library(Biostrings)
    Error in library(Biostrings) : there is no package called ‘Biostrings’
    Execution halted
Flavor: r-release-osx-x86_64