CRAN Package Check Results for Package apcluster

Last updated on 2018-11-18 10:49:50 CET.

Flavor Version Tinstall Tcheck Ttotal Status Flags
r-devel-linux-x86_64-debian-clang 1.4.7 54.79 109.56 164.35 OK
r-devel-linux-x86_64-debian-gcc 1.4.7 48.86 85.81 134.67 OK
r-devel-linux-x86_64-fedora-clang 1.4.7 219.57 OK
r-devel-linux-x86_64-fedora-gcc 1.4.7 203.70 OK
r-devel-windows-ix86+x86_64 1.4.7 129.00 183.00 312.00 OK
r-patched-linux-x86_64 1.4.7 55.75 105.91 161.66 OK
r-patched-solaris-x86 1.4.7 227.70 WARN
r-release-linux-x86_64 1.4.7 58.89 105.41 164.30 OK
r-release-windows-ix86+x86_64 1.4.7 134.00 202.00 336.00 OK
r-release-osx-x86_64 1.4.7 WARN
r-oldrel-windows-ix86+x86_64 1.4.7 134.00 174.00 308.00 OK
r-oldrel-osx-x86_64 1.4.7 WARN

Check Details

Version: 1.4.7
Check: package dependencies
Result: NOTE
    Package suggested but not available for checking: ‘kebabs’
Flavors: r-patched-solaris-x86, r-release-osx-x86_64, r-oldrel-osx-x86_64

Version: 1.4.7
Check: re-building of vignette outputs
Result: WARN
    Error in re-building vignettes:
     ...
    
    Attaching package: 'apcluster'
    
    The following object is masked from 'package:stats':
    
     heatmap
    
    Quitting from lines 387-408 (apcluster.Rnw)
    Error: processing vignette 'apcluster.Rnw' failed with diagnostics:
    object 'apres2c' not found
    Execution halted
Flavors: r-patched-solaris-x86, r-release-osx-x86_64, r-oldrel-osx-x86_64