CRAN Package Check Results for Package aods3

Last updated on 2019-09-20 01:47:39 CEST.

Flavor Version Tinstall Tcheck Ttotal Status Flags
r-devel-linux-x86_64-debian-clang 0.4-1.1 8.64 60.98 69.62 NOTE
r-devel-linux-x86_64-debian-gcc 0.4-1.1 7.74 48.88 56.62 NOTE
r-devel-linux-x86_64-fedora-clang 0.4-1.1 84.84 NOTE
r-devel-linux-x86_64-fedora-gcc 0.4-1.1 84.68 NOTE
r-devel-windows-ix86+x86_64 0.4-1.1 28.00 72.00 100.00 NOTE
r-patched-linux-x86_64 0.4-1.1 9.54 60.25 69.79 NOTE
r-patched-solaris-x86 0.4-1.1 130.10 NOTE
r-release-linux-x86_64 0.4-1.1 7.93 60.65 68.58 NOTE
r-release-windows-ix86+x86_64 0.4-1.1 16.00 71.00 87.00 NOTE
r-release-osx-x86_64 0.4-1.1 NOTE
r-oldrel-windows-ix86+x86_64 0.4-1.1 8.00 72.00 80.00 NOTE
r-oldrel-osx-x86_64 0.4-1.1 NOTE

Check Details

Version: 0.4-1.1
Check: dependencies in R code
Result: NOTE
    Packages in Depends field not imported from:
     'boot' 'lme4'
     These packages need to be imported from (in the NAMESPACE file)
     for when this namespace is loaded but not attached.
Flavors: r-devel-linux-x86_64-debian-clang, r-devel-linux-x86_64-debian-gcc, r-devel-linux-x86_64-fedora-clang, r-devel-linux-x86_64-fedora-gcc, r-devel-windows-ix86+x86_64, r-patched-linux-x86_64, r-patched-solaris-x86, r-release-linux-x86_64, r-release-windows-ix86+x86_64, r-release-osx-x86_64, r-oldrel-windows-ix86+x86_64, r-oldrel-osx-x86_64