CRAN Package Check Results for Package antitrust

Last updated on 2019-09-17 22:48:01 CEST.

Flavor Version Tinstall Tcheck Ttotal Status Flags
r-devel-linux-x86_64-debian-clang 0.99.11 10.51 71.32 81.83 OK
r-devel-linux-x86_64-debian-gcc 0.99.11 9.63 56.26 65.89 OK
r-devel-linux-x86_64-fedora-clang 0.99.11 99.69 NOTE
r-devel-linux-x86_64-fedora-gcc 0.99.11 99.32 NOTE
r-devel-windows-ix86+x86_64 0.99.11 26.00 120.00 146.00 OK
r-patched-linux-x86_64 0.99.11 8.27 71.86 80.13 OK
r-patched-solaris-x86 0.99.11 133.00 NOTE
r-release-linux-x86_64 0.99.11 8.51 72.03 80.54 OK
r-release-windows-ix86+x86_64 0.99.11 17.00 84.00 101.00 OK
r-release-osx-x86_64 0.99.11 NOTE
r-oldrel-windows-ix86+x86_64 0.99.11 19.00 109.00 128.00 OK
r-oldrel-osx-x86_64 0.99.11 NOTE

Check Details

Version: 0.99.11
Check: dependencies in R code
Result: NOTE
    Namespaces in Imports field not imported from:
     ‘MASS’ ‘evd’
     All declared Imports should be used.
Flavors: r-devel-linux-x86_64-fedora-clang, r-devel-linux-x86_64-fedora-gcc, r-patched-solaris-x86, r-release-osx-x86_64, r-oldrel-osx-x86_64