CRAN Package Check Results for Package antaresRead

Last updated on 2019-04-25 00:28:09 CEST.

Flavor Version Tinstall Tcheck Ttotal Status Flags
r-devel-linux-x86_64-debian-clang 2.2.3 7.93 214.72 222.65 OK
r-devel-linux-x86_64-debian-gcc 2.2.3 6.49 272.17 278.66 OK
r-devel-linux-x86_64-fedora-clang 2.2.3 186.75 OK
r-devel-linux-x86_64-fedora-gcc 2.2.3 165.84 OK
r-devel-windows-ix86+x86_64 2.2.3 18.00 200.00 218.00 OK
r-patched-linux-x86_64 2.2.3 8.79 191.06 199.85 OK
r-patched-solaris-x86 2.2.3 208.30 WARN
r-release-linux-x86_64 2.2.3 5.44 214.11 219.55 OK
r-release-windows-ix86+x86_64 2.2.3 8.00 175.00 183.00 OK
r-release-osx-x86_64 2.2.3 WARN
r-oldrel-windows-ix86+x86_64 2.2.3 6.00 169.00 175.00 NOTE
r-oldrel-osx-x86_64 2.2.3 WARN

Check Details

Version: 2.2.3
Check: re-building of vignette outputs
Result: WARN
    Error(s) in re-building vignettes:
     ...
    --- re-building ‘antares.Rmd’ using rmarkdown
    Warning in engine$weave(file, quiet = quiet, encoding = enc) :
     Pandoc (>= 1.12.3) and/or pandoc-citeproc not available. Falling back to R Markdown v1.
    --- finished re-building ‘antares.Rmd’
    
    --- re-building ‘antaresH5.Rmd’ using rmarkdown
    Warning in engine$weave(file, quiet = quiet, encoding = enc) :
     Pandoc (>= 1.12.3) and/or pandoc-citeproc not available. Falling back to R Markdown v1.
    Quitting from lines 38-72 (antaresH5.Rmd)
    Error: processing vignette 'antaresH5.Rmd' failed with diagnostics:
    there is no package called 'webshot'
    --- failed re-building ‘antaresH5.Rmd’
    
    SUMMARY: processing the following file failed:
     ‘antaresH5.Rmd’
    
    Error: Vignette re-building failed.
    Execution halted
Flavor: r-patched-solaris-x86

Version: 2.2.3
Check: re-building of vignette outputs
Result: WARN
    Error in re-building vignettes:
     ...
    Warning in engine$weave(file, quiet = quiet, encoding = enc) :
     Pandoc (>= 1.12.3) and/or pandoc-citeproc not available. Falling back to R Markdown v1.
    Warning in engine$weave(file, quiet = quiet, encoding = enc) :
     Pandoc (>= 1.12.3) and/or pandoc-citeproc not available. Falling back to R Markdown v1.
    Quitting from lines 38-72 (antaresH5.Rmd)
    Error: processing vignette 'antaresH5.Rmd' failed with diagnostics:
    cannot open the connection
    Execution halted
Flavors: r-release-osx-x86_64, r-oldrel-osx-x86_64

Version: 2.2.3
Check: dependencies in R code
Result: NOTE
    Missing or unexported object: 'rhdf5::h5closeAll'
Flavors: r-oldrel-windows-ix86+x86_64, r-oldrel-osx-x86_64