CRAN Package Check Results for Package antaresRead

Last updated on 2019-07-16 07:50:36 CEST.

Flavor Version Tinstall Tcheck Ttotal Status Flags
r-devel-linux-x86_64-debian-clang 2.2.3 7.76 220.89 228.65 OK
r-devel-linux-x86_64-debian-gcc 2.2.3 5.96 276.76 282.72 OK
r-devel-linux-x86_64-fedora-clang 2.2.3 202.86 OK
r-devel-linux-x86_64-fedora-gcc 2.2.3 176.51 OK
r-devel-windows-ix86+x86_64 2.2.3 19.00 203.00 222.00 OK
r-patched-linux-x86_64 2.2.3 7.32 210.90 218.22 OK
r-patched-solaris-x86 2.2.3 221.90 WARN
r-release-linux-x86_64 2.2.3 6.59 192.25 198.84 OK
r-release-windows-ix86+x86_64 2.2.3 14.00 211.00 225.00 OK
r-release-osx-x86_64 2.2.3 WARN
r-oldrel-windows-ix86+x86_64 2.2.3 17.00 170.00 187.00 OK
r-oldrel-osx-x86_64 2.2.3 WARN

Check Details

Version: 2.2.3
Check: re-building of vignette outputs
Result: WARN
    Error(s) in re-building vignettes:
     ...
    --- re-building ‘antares.Rmd’ using rmarkdown
    Warning in engine$weave(file, quiet = quiet, encoding = enc) :
     Pandoc (>= 1.12.3) and/or pandoc-citeproc not available. Falling back to R Markdown v1.
    --- finished re-building ‘antares.Rmd’
    
    --- re-building ‘antaresH5.Rmd’ using rmarkdown
    Warning in engine$weave(file, quiet = quiet, encoding = enc) :
     Pandoc (>= 1.12.3) and/or pandoc-citeproc not available. Falling back to R Markdown v1.
    Quitting from lines 38-72 (antaresH5.Rmd)
    Error: processing vignette 'antaresH5.Rmd' failed with diagnostics:
    there is no package called 'webshot'
    --- failed re-building ‘antaresH5.Rmd’
    
    SUMMARY: processing the following file failed:
     ‘antaresH5.Rmd’
    
    Error: Vignette re-building failed.
    Execution halted
Flavor: r-patched-solaris-x86

Version: 2.2.3
Check: package dependencies
Result: NOTE
    Package suggested but not available for checking: ‘rhdf5’
Flavor: r-release-osx-x86_64

Version: 2.2.3
Check: re-building of vignette outputs
Result: WARN
    Error(s) in re-building vignettes:
     ...
    --- re-building ‘antares.Rmd’ using rmarkdown
    Warning in engine$weave(file, quiet = quiet, encoding = enc) :
     Pandoc (>= 1.12.3) and/or pandoc-citeproc not available. Falling back to R Markdown v1.
    --- finished re-building ‘antares.Rmd’
    
    --- re-building ‘antaresH5.Rmd’ using rmarkdown
    Warning in engine$weave(file, quiet = quiet, encoding = enc) :
     Pandoc (>= 1.12.3) and/or pandoc-citeproc not available. Falling back to R Markdown v1.
    Quitting from lines 38-72 (antaresH5.Rmd)
    Error: processing vignette 'antaresH5.Rmd' failed with diagnostics:
    cannot open the connection
    --- failed re-building ‘antaresH5.Rmd’
    
    SUMMARY: processing the following file failed:
     ‘antaresH5.Rmd’
    
    Error: Vignette re-building failed.
    Execution halted
Flavor: r-release-osx-x86_64

Version: 2.2.3
Check: re-building of vignette outputs
Result: WARN
    Error in re-building vignettes:
     ...
    Warning in engine$weave(file, quiet = quiet, encoding = enc) :
     Pandoc (>= 1.12.3) and/or pandoc-citeproc not available. Falling back to R Markdown v1.
    Warning in engine$weave(file, quiet = quiet, encoding = enc) :
     Pandoc (>= 1.12.3) and/or pandoc-citeproc not available. Falling back to R Markdown v1.
    Quitting from lines 38-72 (antaresH5.Rmd)
    Error: processing vignette 'antaresH5.Rmd' failed with diagnostics:
    cannot open the connection
    Execution halted
Flavor: r-oldrel-osx-x86_64