CRAN Package Check Results for Package anomalyDetection

Last updated on 2019-01-22 07:49:01 CET.

Flavor Version Tinstall Tcheck Ttotal Status Flags
r-devel-linux-x86_64-debian-clang 0.2.5 25.02 44.80 69.82 NOTE
r-devel-linux-x86_64-debian-gcc 0.2.5 22.59 75.50 98.09 NOTE
r-devel-linux-x86_64-fedora-clang 0.2.5 94.03 NOTE
r-devel-linux-x86_64-fedora-gcc 0.2.5 88.26 NOTE
r-devel-windows-ix86+x86_64 0.2.5 73.00 109.00 182.00 OK
r-patched-linux-x86_64 0.2.5 28.71 69.24 97.95 OK
r-patched-solaris-x86 0.2.5 102.60 NOTE
r-release-linux-x86_64 0.2.5 32.81 73.58 106.39 OK
r-release-windows-ix86+x86_64 0.2.5 76.00 112.00 188.00 OK
r-release-osx-x86_64 0.2.5 NOTE
r-oldrel-windows-ix86+x86_64 0.2.5 81.00 120.00 201.00 OK
r-oldrel-osx-x86_64 0.2.5 NOTE

Check Details

Version: 0.2.5
Check: use of SHLIB_OPENMP_*FLAGS in Makefiles
Result: NOTE
     src/Makevars: SHLIB_OPENMP_CXXFLAGS is included in PKG_CXXFLAGS but not in PKG_LIBS
     src/Makevars: SHLIB_OPENMP_CFLAGS is included in PKG_LIBS but linking is by C++
     src/Makevars.win: SHLIB_OPENMP_CXXFLAGS is included in PKG_CXXFLAGS but not in PKG_LIBS
     src/Makevars.win: SHLIB_OPENMP_CFLAGS is included in PKG_LIBS but linking is by C++
    Use of these macros is discussed in sect 1.2.1.1 of ‘Writing R
    Extensions’. The macros for different languages may differ so the
    matching macro must be used in PKG_CXXFLAGS (etc) and match that used
    in PKG_LIBS (except for Fortran: see the manual).
Flavors: r-devel-linux-x86_64-debian-clang, r-devel-linux-x86_64-debian-gcc, r-devel-linux-x86_64-fedora-clang, r-devel-linux-x86_64-fedora-gcc

Version: 0.2.5
Check: dependencies in R code
Result: NOTE
    Namespace in Imports field not imported from: ‘caret’
     All declared Imports should be used.
Flavors: r-devel-linux-x86_64-fedora-clang, r-devel-linux-x86_64-fedora-gcc, r-patched-solaris-x86, r-release-osx-x86_64, r-oldrel-osx-x86_64