CRAN Package Check Results for Package anoint

Last updated on 2019-09-17 22:48:01 CEST.

Flavor Version Tinstall Tcheck Ttotal Status Flags
r-devel-linux-x86_64-debian-clang 1.4 8.49 66.86 75.35 NOTE
r-devel-linux-x86_64-debian-gcc 1.4 8.23 53.21 61.44 NOTE
r-devel-linux-x86_64-fedora-clang 1.4 92.57 NOTE
r-devel-linux-x86_64-fedora-gcc 1.4 91.58 NOTE
r-devel-windows-ix86+x86_64 1.4 26.00 80.00 106.00 NOTE
r-patched-linux-x86_64 1.4 10.33 66.14 76.47 NOTE
r-patched-solaris-x86 1.4 143.20 NOTE
r-release-linux-x86_64 1.4 8.76 65.74 74.50 NOTE
r-release-windows-ix86+x86_64 1.4 17.00 105.00 122.00 NOTE
r-release-osx-x86_64 1.4 NOTE
r-oldrel-windows-ix86+x86_64 1.4 16.00 73.00 89.00 NOTE
r-oldrel-osx-x86_64 1.4 NOTE

Check Details

Version: 1.4
Check: whether the namespace can be loaded with stated dependencies
Result: NOTE
    Warning: no function found corresponding to methods exports from 'anoint' for: 'show'
    
    A namespace must be able to be loaded with just the base namespace
    loaded: otherwise if the namespace gets loaded by a saved object, the
    session will be unable to start.
    
    Probably some imports need to be declared in the NAMESPACE file.
Flavors: r-devel-linux-x86_64-debian-clang, r-devel-linux-x86_64-debian-gcc, r-devel-linux-x86_64-fedora-clang, r-devel-linux-x86_64-fedora-gcc, r-devel-windows-ix86+x86_64, r-patched-linux-x86_64, r-patched-solaris-x86, r-release-linux-x86_64, r-release-windows-ix86+x86_64, r-release-osx-x86_64, r-oldrel-windows-ix86+x86_64, r-oldrel-osx-x86_64