CRAN Package Check Results for Package anapuce

Last updated on 2019-09-15 13:47:08 CEST.

Flavor Version Tinstall Tcheck Ttotal Status Flags
r-devel-linux-x86_64-debian-clang 2.3 3.52 25.42 28.94 NOTE
r-devel-linux-x86_64-debian-gcc 2.3 3.19 19.78 22.97 NOTE
r-devel-linux-x86_64-fedora-clang 2.3 33.44 NOTE
r-devel-linux-x86_64-fedora-gcc 2.3 32.97 NOTE
r-devel-windows-ix86+x86_64 2.3 11.00 52.00 63.00 OK
r-patched-linux-x86_64 2.3 3.15 27.26 30.41 OK
r-patched-solaris-x86 2.3 53.40 OK
r-release-linux-x86_64 2.3 3.06 25.26 28.32 OK
r-release-windows-ix86+x86_64 2.3 6.00 49.00 55.00 OK
r-release-osx-x86_64 2.3 OK
r-oldrel-windows-ix86+x86_64 2.3 6.00 41.00 47.00 OK
r-oldrel-osx-x86_64 2.3 OK

Check Details

Version: 2.3
Check: for non-standard things in the check directory
Result: NOTE
    Found the following files/directories:
     'BH-0.05-ListOfGenes.txt' 'BH-0.05-VM-ListOfGenes.txt'
     'CompleteListOfGenes.txt' 'GenesOutOfAnalysis.txt'
     'GenesOutOfAnalysis_NotEnoughObs.txt'
     'GenesOutOfAnalysis_NullVar.txt' 'VM-CompleteListOfGenes.txt'
     'bonferroni-0.05-ListOfGenes.txt'
     'bonferroni-0.05-VM-ListOfGenes.txt'
Flavors: r-devel-linux-x86_64-debian-clang, r-devel-linux-x86_64-debian-gcc, r-devel-linux-x86_64-fedora-clang, r-devel-linux-x86_64-fedora-gcc