CRAN Package Check Results for Package anapuce

Last updated on 2020-01-20 22:51:35 CET.

Flavor Version Tinstall Tcheck Ttotal Status Flags
r-devel-linux-x86_64-debian-clang 2.3 4.29 25.47 29.76 NOTE
r-devel-linux-x86_64-debian-gcc 2.3 3.04 20.49 23.53 NOTE
r-devel-linux-x86_64-fedora-clang 2.3 36.35 NOTE
r-devel-linux-x86_64-fedora-gcc 2.3 35.14 NOTE
r-devel-windows-ix86+x86_64 2.3 10.00 33.00 43.00 OK
r-devel-windows-ix86+x86_64-gcc8 2.3 8.00 42.00 50.00 OK
r-patched-linux-x86_64 2.3 3.21 23.92 27.13 OK
r-patched-solaris-x86 2.3 51.00 OK
r-release-linux-x86_64 2.3 3.37 23.71 27.08 OK
r-release-windows-ix86+x86_64 2.3 6.00 49.00 55.00 OK
r-release-osx-x86_64 2.3 OK
r-oldrel-windows-ix86+x86_64 2.3 6.00 41.00 47.00 OK
r-oldrel-osx-x86_64 2.3 OK

Check Details

Version: 2.3
Check: for non-standard things in the check directory
Result: NOTE
    Found the following files/directories:
     'BH-0.05-ListOfGenes.txt' 'BH-0.05-VM-ListOfGenes.txt'
     'CompleteListOfGenes.txt' 'GenesOutOfAnalysis.txt'
     'GenesOutOfAnalysis_NotEnoughObs.txt'
     'GenesOutOfAnalysis_NullVar.txt' 'VM-CompleteListOfGenes.txt'
     'bonferroni-0.05-ListOfGenes.txt'
     'bonferroni-0.05-VM-ListOfGenes.txt'
Flavors: r-devel-linux-x86_64-debian-clang, r-devel-linux-x86_64-debian-gcc, r-devel-linux-x86_64-fedora-clang, r-devel-linux-x86_64-fedora-gcc