CRAN Package Check Results for Package analogue

Last updated on 2019-09-19 16:47:53 CEST.

Flavor Version Tinstall Tcheck Ttotal Status Flags
r-devel-linux-x86_64-debian-clang 0.17-3 18.35 136.16 154.51 OK
r-devel-linux-x86_64-debian-gcc 0.17-3 12.55 109.92 122.47 OK
r-devel-linux-x86_64-fedora-clang 0.17-3 186.59 OK
r-devel-linux-x86_64-fedora-gcc 0.17-3 184.66 OK
r-devel-windows-ix86+x86_64 0.17-3 40.00 280.00 320.00 WARN
r-patched-linux-x86_64 0.17-3 15.41 137.62 153.03 OK
r-patched-solaris-x86 0.17-3 268.10 OK
r-release-linux-x86_64 0.17-3 18.75 137.17 155.92 OK
r-release-windows-ix86+x86_64 0.17-3 33.00 215.00 248.00 OK
r-release-osx-x86_64 0.17-3 OK
r-oldrel-windows-ix86+x86_64 0.17-3 22.00 177.00 199.00 OK
r-oldrel-osx-x86_64 0.17-3 OK

Check Details

Version: 0.17-3
Check: re-building of vignette outputs
Result: WARN
    Error(s) in re-building vignettes:
    --- re-building 'analogue_methods.Rnw' using Sweave
    Loading required package: vegan
    Loading required package: permute
    Loading required package: lattice
    This is vegan 2.5-6
    analogue version 0.17-3
    The "ward" method has been renamed to "ward.D"; note new "ward.D2"
    Warning in FUN(newX[, i], ...) : the standard deviation is zero
    Warning in FUN(newX[, i], ...) : the standard deviation is zero
    Warning in FUN(newX[, i], ...) : the standard deviation is zero
    Warning in FUN(newX[, i], ...) : the standard deviation is zero
    Warning in FUN(newX[, i], ...) : the standard deviation is zero
    Warning in FUN(newX[, i], ...) : the standard deviation is zero
    Warning in system(paste(shQuote(texi2dvi), if (quiet) "--quiet" else "", :
     running command '"D:\compiler\texmf\miktex\bin\texify.exe" --quiet --pdf "analogue_methods.tex" --max-iterations=20 -I "D:/RCompile/recent/R/share/texmf/tex/latex" -I "D:/RCompile/recent/R/share/texmf/bibtex/bst"' had status 1
    Error: processing vignette 'analogue_methods.Rnw' failed with diagnostics:
    Failed to locate the 'texi2pdf' output file (by engine 'utils::Sweave') for vignette with name 'analogue_methods'. The following files exist in directory '.': 'Rplots.pdf', 'Z.cls', 'analogue_methods-014.pdf', 'analogue_methods-017.pdf', 'analogue_methods-022.pdf', 'analogue_methods-024.pdf', 'analogue_methods-032.pdf', 'analogue_methods-035.pdf', 'analogue_methods-043.pdf', 'analogue_methods-045.pdf', 'analogue_methods-047.pdf', 'analogue_methods-plot_mat.pdf', 'analogue_methods.Rnw', 'analogue_methods.tex', 'analogue_refs.bib'
    --- failed re-building 'analogue_methods.Rnw'
    
    SUMMARY: processing the following file failed:
     'analogue_methods.Rnw'
    
    Error: Vignette re-building failed.
    Execution halted
Flavor: r-devel-windows-ix86+x86_64