CRAN Package Check Results for Package analogsea

Last updated on 2019-09-20 17:47:13 CEST.

Flavor Version Tinstall Tcheck Ttotal Status Flags
r-devel-linux-x86_64-debian-clang 0.7.2 4.33 34.19 38.52 OK
r-devel-linux-x86_64-debian-gcc 0.7.2 4.04 27.71 31.75 OK
r-devel-linux-x86_64-fedora-clang 0.7.2 47.22 OK
r-devel-linux-x86_64-fedora-gcc 0.7.2 45.84 OK
r-devel-windows-ix86+x86_64 0.7.2 20.00 51.00 71.00 OK
r-patched-linux-x86_64 0.7.2 4.56 35.24 39.80 OK
r-patched-solaris-x86 0.7.2 73.10 NOTE
r-release-linux-x86_64 0.7.2 4.20 34.54 38.74 OK
r-release-windows-ix86+x86_64 0.7.2 8.00 52.00 60.00 OK
r-release-osx-x86_64 0.7.2 OK
r-oldrel-windows-ix86+x86_64 0.7.2 7.00 47.00 54.00 OK
r-oldrel-osx-x86_64 0.7.2 OK

Check Details

Version: 0.7.2
Check: package dependencies
Result: NOTE
    Package suggested but not available for checking: ‘ssh’
Flavor: r-patched-solaris-x86